CRAN Package Check Results for Package censorcopula

Last updated on 2025-01-19 05:49:05 CET.

Flavor Version Tinstall Tcheck Ttotal Status Flags
r-devel-linux-x86_64-debian-clang 2.0 7.40 58.80 66.20 NOTE
r-devel-linux-x86_64-debian-gcc 2.0 5.11 43.89 49.00 NOTE
r-devel-linux-x86_64-fedora-clang 2.0 105.03 NOTE
r-devel-linux-x86_64-fedora-gcc 2.0 104.95 NOTE
r-devel-windows-x86_64 2.0 8.00 70.00 78.00 NOTE
r-patched-linux-x86_64 2.0 7.09 55.90 62.99 NOTE
r-release-linux-x86_64 2.0 7.07 55.18 62.25 NOTE
r-release-macos-arm64 2.0 31.00 NOTE
r-release-macos-x86_64 2.0 57.00 NOTE
r-release-windows-x86_64 2.0 7.00 71.00 78.00 NOTE
r-oldrel-macos-arm64 2.0 39.00 NOTE
r-oldrel-macos-x86_64 2.0 59.00 NOTE
r-oldrel-windows-x86_64 2.0 10.00 82.00 92.00 NOTE

Check Details

Version: 2.0
Check: dependencies in R code
Result: NOTE Unexported objects imported by ':::' calls: ‘copula:::dCdu’ ‘copula:::fitCopStart’ See the note in ?`:::` about the use of this operator. Flavors: r-devel-linux-x86_64-debian-clang, r-devel-linux-x86_64-debian-gcc, r-devel-linux-x86_64-fedora-clang, r-devel-linux-x86_64-fedora-gcc, r-devel-windows-x86_64, r-patched-linux-x86_64, r-release-linux-x86_64, r-release-macos-arm64, r-release-macos-x86_64, r-release-windows-x86_64, r-oldrel-macos-arm64, r-oldrel-macos-x86_64, r-oldrel-windows-x86_64