CRAN Package Check Results for Package censusapi

Last updated on 2020-06-03 12:49:03 CEST.

Flavor Version Tinstall Tcheck Ttotal Status Flags
r-devel-linux-x86_64-debian-clang 0.6.0 2.75 25.69 28.44 OK
r-devel-linux-x86_64-debian-gcc 0.6.0 2.01 20.47 22.48 OK
r-devel-linux-x86_64-fedora-clang 0.6.0 43.28 OK
r-devel-linux-x86_64-fedora-gcc 0.6.0 34.39 OK
r-devel-windows-ix86+x86_64 0.6.0 9.00 88.00 97.00 OK
r-patched-linux-x86_64 0.6.0 2.55 25.83 28.38 OK
r-patched-solaris-x86 0.6.0 51.30 OK
r-release-linux-x86_64 0.6.0 2.37 25.79 28.16 OK
r-release-osx-x86_64 0.6.0 ERROR
r-release-windows-ix86+x86_64 0.6.0 7.00 58.00 65.00 OK
r-oldrel-osx-x86_64 0.6.0 OK
r-oldrel-windows-ix86+x86_64 0.6.0 5.00 50.00 55.00 OK

Check Details

Version: 0.6.0
Check: examples
Result: ERROR
    Running examples in ‘censusapi-Ex.R’ failed
    The error most likely occurred in:
    
    > ### Name: listCensusMetadata
    > ### Title: Get variable or geography metadata for a given API as a data
    > ### frame
    > ### Aliases: listCensusMetadata
    > ### Keywords: metadata
    >
    > ### ** Examples
    >
    > bds_vars <- listCensusMetadata(name = "timeseries/bds/firms", type = "variables")
    Error in curl::curl_fetch_memory(url, handle = handle) :
     Timeout was reached: [api.census.gov] Connection timed out after 11087 milliseconds
    Calls: listCensusMetadata ... request_fetch -> request_fetch.write_memory -> <Anonymous>
    Execution halted
Flavor: r-release-osx-x86_64