Last updated on 2025-01-19 05:49:05 CET.
Flavor | Version | Tinstall | Tcheck | Ttotal | Status | Flags |
---|---|---|---|---|---|---|
r-devel-linux-x86_64-debian-clang | 0.1.0 | 1.96 | 39.23 | 41.19 | NOTE | |
r-devel-linux-x86_64-debian-gcc | 0.1.0 | 1.57 | 29.93 | 31.50 | NOTE | |
r-devel-linux-x86_64-fedora-clang | 0.1.0 | 64.88 | OK | |||
r-devel-linux-x86_64-fedora-gcc | 0.1.0 | 65.37 | OK | |||
r-devel-windows-x86_64 | 0.1.0 | 3.00 | 61.00 | 64.00 | NOTE | |
r-patched-linux-x86_64 | 0.1.0 | 2.03 | 37.92 | 39.95 | OK | |
r-release-linux-x86_64 | 0.1.0 | 1.85 | 37.51 | 39.36 | OK | |
r-release-macos-arm64 | 0.1.0 | 24.00 | OK | |||
r-release-macos-x86_64 | 0.1.0 | 35.00 | OK | |||
r-release-windows-x86_64 | 0.1.0 | 4.00 | 59.00 | 63.00 | OK | |
r-oldrel-macos-arm64 | 0.1.0 | 27.00 | OK | |||
r-oldrel-macos-x86_64 | 0.1.0 | 38.00 | OK | |||
r-oldrel-windows-x86_64 | 0.1.0 | 4.00 | 66.00 | 70.00 | OK |
Version: 0.1.0
Check: Rd cross-references
Result: NOTE
Found the following Rd file(s) with Rd \link{} targets missing package
anchors:
cforward.Rd: Surv, concordancefit, coxph
estimate_concordance.Rd: Surv, concordancefit, coxph
Please provide package anchors for all Rd \link{} targets not in the
package itself and the base packages.
Flavors: r-devel-linux-x86_64-debian-clang, r-devel-linux-x86_64-debian-gcc, r-devel-windows-x86_64