Last updated on 2025-01-19 05:49:05 CET.
Flavor | Version | Tinstall | Tcheck | Ttotal | Status | Flags |
---|---|---|---|---|---|---|
r-devel-linux-x86_64-debian-clang | 0.1.5 | 2.48 | 48.28 | 50.76 | OK | |
r-devel-linux-x86_64-debian-gcc | 0.1.5 | 1.75 | 35.26 | 37.01 | OK | |
r-devel-linux-x86_64-fedora-clang | 0.1.5 | 83.73 | OK | |||
r-devel-linux-x86_64-fedora-gcc | 0.1.5 | 94.83 | OK | |||
r-devel-windows-x86_64 | 0.1.5 | 5.00 | 72.00 | 77.00 | OK | |
r-patched-linux-x86_64 | 0.1.5 | 2.63 | 45.05 | 47.68 | OK | |
r-release-linux-x86_64 | 0.1.5 | 1.73 | 44.98 | 46.71 | OK | |
r-release-macos-arm64 | 0.1.5 | 40.00 | OK | |||
r-release-macos-x86_64 | 0.1.5 | 54.00 | OK | |||
r-release-windows-x86_64 | 0.1.5 | 3.00 | 71.00 | 74.00 | OK | |
r-oldrel-macos-arm64 | 0.1.5 | 40.00 | OK | |||
r-oldrel-macos-x86_64 | 0.1.5 | 96.00 | OK | |||
r-oldrel-windows-x86_64 | 0.1.5 | 4.00 | 71.00 | 75.00 | ERROR |
Version: 0.1.5
Check: re-building of vignette outputs
Result: ERROR
Error(s) in re-building vignettes:
--- re-building 'chain_glm.Rmd' using rmarkdown
Quitting from lines 173-174 [glm1_3] (chain_glm.Rmd)
Error: processing vignette 'chain_glm.Rmd' failed with diagnostics:
package 'MASS' must be installed
--- failed re-building 'chain_glm.Rmd'
--- re-building 'introduction.Rmd' using rmarkdown
--- finished re-building 'introduction.Rmd'
SUMMARY: processing the following file failed:
'chain_glm.Rmd'
Error: Vignette re-building failed.
Execution halted
Flavor: r-oldrel-windows-x86_64