Last updated on 2025-01-19 05:49:05 CET.
Flavor | Version | Tinstall | Tcheck | Ttotal | Status | Flags |
---|---|---|---|---|---|---|
r-devel-linux-x86_64-debian-clang | 0.6.1 | 100.59 | 133.59 | 234.18 | OK | |
r-devel-linux-x86_64-debian-gcc | 0.6.1 | 58.85 | 91.31 | 150.16 | OK | |
r-devel-linux-x86_64-fedora-clang | 0.6.1 | 381.22 | OK | |||
r-devel-linux-x86_64-fedora-gcc | 0.6.1 | 370.59 | OK | |||
r-devel-windows-x86_64 | 0.6.1 | 93.00 | 203.00 | 296.00 | OK | |
r-patched-linux-x86_64 | 0.6.1 | 106.49 | 122.44 | 228.93 | OK | |
r-release-linux-x86_64 | 0.6.1 | 88.70 | 123.18 | 211.88 | OK | |
r-release-macos-arm64 | 0.6.1 | 104.00 | NOTE | |||
r-release-macos-x86_64 | 0.6.1 | 188.00 | NOTE | |||
r-release-windows-x86_64 | 0.6.1 | 92.00 | 193.00 | 285.00 | NOTE | |
r-oldrel-macos-arm64 | 0.6.1 | 102.00 | NOTE | |||
r-oldrel-macos-x86_64 | 0.6.1 | 164.00 | NOTE | |||
r-oldrel-windows-x86_64 | 0.6.1 | 112.00 | 229.00 | 341.00 | NOTE |
Version: 0.6.1
Check: installed package size
Result: NOTE
installed size is 9.2Mb
sub-directories of 1Mb or more:
R 5.1Mb
doc 3.2Mb
Flavors: r-release-macos-arm64, r-release-macos-x86_64, r-release-windows-x86_64, r-oldrel-macos-arm64, r-oldrel-macos-x86_64, r-oldrel-windows-x86_64