Last updated on 2025-01-19 05:49:05 CET.
Flavor | Version | Tinstall | Tcheck | Ttotal | Status | Flags |
---|---|---|---|---|---|---|
r-devel-linux-x86_64-debian-clang | 0.2.3 | 3.54 | 30.77 | 34.31 | NOTE | |
r-devel-linux-x86_64-debian-gcc | 0.2.3 | 3.05 | 23.12 | 26.17 | NOTE | |
r-devel-linux-x86_64-fedora-clang | 0.2.3 | 54.95 | NOTE | |||
r-devel-linux-x86_64-fedora-gcc | 0.2.3 | 53.17 | NOTE | |||
r-devel-windows-x86_64 | 0.2.3 | 8.00 | 54.00 | 62.00 | NOTE | |
r-patched-linux-x86_64 | 0.2.3 | 3.20 | 29.24 | 32.44 | NOTE | |
r-release-linux-x86_64 | 0.2.3 | 3.67 | 29.08 | 32.75 | NOTE | |
r-release-macos-arm64 | 0.2.3 | 20.00 | NOTE | |||
r-release-macos-x86_64 | 0.2.3 | 29.00 | NOTE | |||
r-release-windows-x86_64 | 0.2.3 | 7.00 | 55.00 | 62.00 | NOTE | |
r-oldrel-macos-arm64 | 0.2.3 | 21.00 | OK | |||
r-oldrel-macos-x86_64 | 0.2.3 | 43.00 | OK | |||
r-oldrel-windows-x86_64 | 0.2.3 | 8.00 | 57.00 | 65.00 | OK |
Version: 0.2.3
Check: Rd files
Result: NOTE
checkRd: (-1) create_unit_tests.Rd:17: Lost braces; missing escapes or markup?
17 | Create `{testthat}` test cases for the code.
| ^
Flavors: r-devel-linux-x86_64-debian-clang, r-devel-linux-x86_64-debian-gcc, r-devel-linux-x86_64-fedora-clang, r-devel-linux-x86_64-fedora-gcc, r-devel-windows-x86_64, r-patched-linux-x86_64, r-release-linux-x86_64, r-release-macos-arm64, r-release-macos-x86_64, r-release-windows-x86_64