CRAN Package Check Results for Package chess

Last updated on 2025-01-19 05:49:05 CET.

Flavor Version Tinstall Tcheck Ttotal Status Flags
r-devel-linux-x86_64-debian-clang 1.0.1 6.20 70.79 76.99 OK
r-devel-linux-x86_64-debian-gcc 1.0.1 4.78 55.24 60.02 OK
r-devel-linux-x86_64-fedora-clang 1.0.1 124.43 OK
r-devel-linux-x86_64-fedora-gcc 1.0.1 133.49 OK
r-devel-windows-x86_64 1.0.1 8.00 117.00 125.00 OK
r-patched-linux-x86_64 1.0.1 5.89 66.99 72.88 NOTE
r-release-linux-x86_64 1.0.1 5.90 66.09 71.99 NOTE
r-release-macos-arm64 1.0.1 45.00 NOTE
r-release-macos-x86_64 1.0.1 64.00 NOTE
r-release-windows-x86_64 1.0.1 7.00 120.00 127.00 NOTE
r-oldrel-macos-arm64 1.0.1 40.00 NOTE
r-oldrel-macos-x86_64 1.0.1 61.00 NOTE
r-oldrel-windows-x86_64 1.0.1 8.00 114.00 122.00 NOTE

Check Details

Version: 1.0.1
Check: LazyData
Result: NOTE 'LazyData' is specified without a 'data' directory Flavors: r-patched-linux-x86_64, r-release-linux-x86_64, r-release-macos-arm64, r-release-macos-x86_64, r-release-windows-x86_64, r-oldrel-macos-arm64, r-oldrel-macos-x86_64, r-oldrel-windows-x86_64