CRAN Package Check Results for Package chinese.misc

Last updated on 2025-01-19 05:49:05 CET.

Flavor Version Tinstall Tcheck Ttotal Status Flags
r-devel-linux-x86_64-debian-clang 0.2.3 9.97 77.68 87.65 OK
r-devel-linux-x86_64-debian-gcc 0.2.3 6.35 53.16 59.51 OK
r-devel-linux-x86_64-fedora-clang 0.2.3 132.86 OK
r-devel-linux-x86_64-fedora-gcc 0.2.3 137.99 OK
r-devel-windows-x86_64 0.2.3 12.00 113.00 125.00 OK
r-patched-linux-x86_64 0.2.3 11.32 75.28 86.60 NOTE
r-release-linux-x86_64 0.2.3 9.17 74.74 83.91 NOTE
r-release-macos-arm64 0.2.3 36.00 NOTE
r-release-macos-x86_64 0.2.3 57.00 NOTE
r-release-windows-x86_64 0.2.3 11.00 109.00 120.00 NOTE
r-oldrel-macos-arm64 0.2.3 70.00 NOTE
r-oldrel-macos-x86_64 0.2.3 58.00 NOTE
r-oldrel-windows-x86_64 0.2.3 14.00 112.00 126.00 NOTE

Check Details

Version: 0.2.3
Check: LazyData
Result: NOTE 'LazyData' is specified without a 'data' directory Flavors: r-patched-linux-x86_64, r-release-linux-x86_64, r-release-macos-arm64, r-release-macos-x86_64, r-release-windows-x86_64, r-oldrel-macos-arm64, r-oldrel-macos-x86_64, r-oldrel-windows-x86_64