Last updated on 2024-05-01 16:52:49 CEST.
Flavor | Version | Tinstall | Tcheck | Ttotal | Status | Flags |
---|---|---|---|---|---|---|
r-devel-linux-x86_64-debian-clang | 0.1.3 | 2.40 | 22.54 | 24.94 | OK | |
r-devel-linux-x86_64-debian-gcc | 0.1.3 | 1.84 | 17.34 | 19.18 | OK | |
r-devel-linux-x86_64-fedora-clang | 0.1.3 | 31.29 | NOTE | |||
r-devel-linux-x86_64-fedora-gcc | 0.1.3 | 32.80 | NOTE | |||
r-devel-windows-x86_64 | 0.1.3 | 3.00 | 39.00 | 42.00 | OK | |
r-patched-linux-x86_64 | 0.1.3 | 1.96 | 21.48 | 23.44 | OK | |
r-release-linux-x86_64 | 0.1.3 | 2.20 | 21.77 | 23.97 | OK | |
r-release-macos-arm64 | 0.1.3 | 13.00 | OK | |||
r-release-windows-x86_64 | 0.1.3 | 3.00 | 39.00 | 42.00 | OK | |
r-oldrel-macos-arm64 | 0.1.3 | 13.00 | OK | |||
r-oldrel-macos-x86_64 | 0.1.3 | 19.00 | OK | |||
r-oldrel-windows-x86_64 | 0.1.3 | 3.00 | 39.00 | 42.00 | OK |
Version: 0.1.3
Check: dependencies in R code
Result: NOTE
Namespace in Imports field not imported from: ‘base’
All declared Imports should be used.
Flavors: r-devel-linux-x86_64-fedora-clang, r-devel-linux-x86_64-fedora-gcc