Last updated on 2024-05-04 14:48:12 CEST.
Flavor | Version | Tinstall | Tcheck | Ttotal | Status | Flags |
---|---|---|---|---|---|---|
r-devel-linux-x86_64-debian-clang | 0.6.1 | 14.90 | 340.56 | 355.46 | NOTE | |
r-devel-linux-x86_64-debian-gcc | 0.6.1 | 12.00 | 253.26 | 265.26 | NOTE | |
r-devel-linux-x86_64-fedora-clang | 0.6.1 | 441.62 | NOTE | |||
r-devel-linux-x86_64-fedora-gcc | 0.6.1 | 471.95 | NOTE | |||
r-devel-windows-x86_64 | 0.6.1 | 12.00 | 223.00 | 235.00 | NOTE | |
r-patched-linux-x86_64 | 0.6.1 | 15.08 | 325.48 | 340.56 | NOTE | |
r-release-linux-x86_64 | 0.6.1 | 11.87 | 321.83 | 333.70 | NOTE | |
r-release-macos-arm64 | 0.6.1 | 119.00 | NOTE | |||
r-release-windows-x86_64 | 0.6.1 | 12.00 | 227.00 | 239.00 | NOTE | |
r-oldrel-macos-arm64 | 0.6.1 | 129.00 | NOTE | |||
r-oldrel-macos-x86_64 | 0.6.1 | 213.00 | NOTE | |||
r-oldrel-windows-x86_64 | 0.6.1 | 17.00 | 291.00 | 308.00 | NOTE |
Version: 0.6.1
Check: LazyData
Result: NOTE
'LazyData' is specified without a 'data' directory
Flavors: r-devel-linux-x86_64-debian-clang, r-devel-linux-x86_64-debian-gcc, r-devel-linux-x86_64-fedora-clang, r-devel-linux-x86_64-fedora-gcc, r-devel-windows-x86_64, r-patched-linux-x86_64, r-release-linux-x86_64, r-release-macos-arm64, r-release-windows-x86_64, r-oldrel-macos-arm64, r-oldrel-macos-x86_64, r-oldrel-windows-x86_64