Last updated on 2025-01-19 05:49:05 CET.
Flavor | Version | Tinstall | Tcheck | Ttotal | Status | Flags |
---|---|---|---|---|---|---|
r-devel-linux-x86_64-debian-clang | 0.4-1 | 4.40 | 44.17 | 48.57 | OK | |
r-devel-linux-x86_64-debian-gcc | 0.4-1 | 2.52 | 31.44 | 33.96 | OK | |
r-devel-linux-x86_64-fedora-clang | 0.4-1 | 79.33 | OK | |||
r-devel-linux-x86_64-fedora-gcc | 0.4-1 | 88.25 | OK | |||
r-devel-windows-x86_64 | 0.4-1 | 6.00 | 68.00 | 74.00 | OK | |
r-patched-linux-x86_64 | 0.4-1 | 4.75 | 40.19 | 44.94 | NOTE | |
r-release-linux-x86_64 | 0.4-1 | 4.33 | 40.44 | 44.77 | NOTE | |
r-release-macos-arm64 | 0.4-1 | 39.00 | NOTE | |||
r-release-macos-x86_64 | 0.4-1 | 46.00 | NOTE | |||
r-release-windows-x86_64 | 0.4-1 | 7.00 | 65.00 | 72.00 | NOTE | |
r-oldrel-macos-arm64 | 0.4-1 | 33.00 | NOTE | |||
r-oldrel-macos-x86_64 | 0.4-1 | 43.00 | NOTE | |||
r-oldrel-windows-x86_64 | 0.4-1 | 8.00 | 68.00 | 76.00 | NOTE |
Version: 0.4-1
Check: LazyData
Result: NOTE
'LazyData' is specified without a 'data' directory
Flavors: r-patched-linux-x86_64, r-release-linux-x86_64, r-release-macos-arm64, r-release-macos-x86_64, r-release-windows-x86_64, r-oldrel-macos-arm64, r-oldrel-macos-x86_64, r-oldrel-windows-x86_64