Last updated on 2025-01-19 05:49:05 CET.
Flavor | Version | Tinstall | Tcheck | Ttotal | Status | Flags |
---|---|---|---|---|---|---|
r-devel-linux-x86_64-debian-clang | 0.1.1 | 8.70 | 156.13 | 164.83 | OK | |
r-devel-linux-x86_64-debian-gcc | 0.1.1 | 6.03 | 113.15 | 119.18 | OK | |
r-devel-linux-x86_64-fedora-clang | 0.1.1 | 280.94 | OK | |||
r-devel-linux-x86_64-fedora-gcc | 0.1.1 | 271.00 | OK | |||
r-devel-windows-x86_64 | 0.1.1 | 13.00 | 197.00 | 210.00 | OK | |
r-patched-linux-x86_64 | 0.1.1 | 9.02 | 144.41 | 153.43 | OK | |
r-release-linux-x86_64 | 0.1.1 | 8.29 | 144.83 | 153.12 | OK | |
r-release-macos-arm64 | 0.1.1 | 172.00 | NOTE | |||
r-release-macos-x86_64 | 0.1.1 | 172.00 | NOTE | |||
r-release-windows-x86_64 | 0.1.1 | 13.00 | 195.00 | 208.00 | NOTE | |
r-oldrel-macos-arm64 | 0.1.1 | 110.00 | NOTE | |||
r-oldrel-macos-x86_64 | 0.1.1 | 200.00 | NOTE | |||
r-oldrel-windows-x86_64 | 0.1.1 | 14.00 | 233.00 | 247.00 | NOTE |
Version: 0.1.1
Check: installed package size
Result: NOTE
installed size is 7.5Mb
sub-directories of 1Mb or more:
doc 7.2Mb
Flavors: r-release-macos-arm64, r-release-macos-x86_64, r-release-windows-x86_64, r-oldrel-macos-arm64, r-oldrel-macos-x86_64, r-oldrel-windows-x86_64