Last updated on 2024-04-21 12:53:51 CEST.
Flavor | Version | Tinstall | Tcheck | Ttotal | Status | Flags |
---|---|---|---|---|---|---|
r-devel-linux-x86_64-debian-clang | 2.1.1 | 17.73 | 161.51 | 179.24 | OK | |
r-devel-linux-x86_64-debian-gcc | 2.1.1 | 13.29 | 119.09 | 132.38 | OK | |
r-devel-linux-x86_64-fedora-clang | 2.1.1 | 236.82 | NOTE | |||
r-devel-linux-x86_64-fedora-gcc | 2.1.1 | 241.88 | NOTE | |||
r-prerel-macos-arm64 | 2.1.1 | 63.00 | OK | |||
r-prerel-windows-x86_64 | 2.1.1 | 17.00 | 133.00 | 150.00 | OK | |
r-patched-linux-x86_64 | 2.1.1 | 19.54 | 152.51 | 172.05 | OK | |
r-release-linux-x86_64 | 2.1.1 | 17.27 | 155.94 | 173.21 | OK | |
r-release-macos-arm64 | 2.1.1 | 70.00 | OK | |||
r-release-macos-x86_64 | 2.1.1 | 151.00 | OK | |||
r-release-windows-x86_64 | 2.1.1 | 20.00 | 159.00 | 179.00 | OK | |
r-oldrel-macos-arm64 | 2.1.1 | 73.00 | OK | |||
r-oldrel-windows-x86_64 | 2.1.1 | 21.00 | 165.00 | 186.00 | OK |
Version: 2.1.1
Check: data for non-ASCII characters
Result: NOTE
Note: found 29 marked UTF-8 strings
Flavors: r-devel-linux-x86_64-fedora-clang, r-devel-linux-x86_64-fedora-gcc