CRAN Package Check Results for Package classifierplots

Last updated on 2020-10-27 12:48:33 CET.

Flavor Version Tinstall Tcheck Ttotal Status Flags
r-devel-linux-x86_64-debian-clang 1.4.0 15.13 117.39 132.52 OK
r-devel-linux-x86_64-debian-gcc 1.4.0 11.88 88.68 100.56 OK
r-devel-linux-x86_64-fedora-clang 1.4.0 163.66 NOTE
r-devel-linux-x86_64-fedora-gcc 1.4.0 156.53 NOTE
r-devel-windows-ix86+x86_64 1.4.0 35.00 134.00 169.00 OK
r-patched-linux-x86_64 1.4.0 OK
r-patched-solaris-x86 1.4.0 236.70 NOTE
r-release-linux-x86_64 1.4.0 14.06 106.41 120.47 OK
r-release-macos-x86_64 1.4.0 NOTE
r-release-windows-ix86+x86_64 1.4.0 26.00 97.00 123.00 OK
r-oldrel-macos-x86_64 1.4.0 NOTE
r-oldrel-windows-ix86+x86_64 1.4.0 30.00 129.00 159.00 OK

Check Details

Version: 1.4.0
Check: dependencies in R code
Result: NOTE
    Namespace in Imports field not imported from: ‘Rcpp’
     All declared Imports should be used.
Flavors: r-devel-linux-x86_64-fedora-clang, r-devel-linux-x86_64-fedora-gcc, r-patched-solaris-x86, r-release-macos-x86_64, r-oldrel-macos-x86_64