CRAN Package Check Results for Package classifierplots

Last updated on 2020-05-30 12:48:06 CEST.

Flavor Version Tinstall Tcheck Ttotal Status Flags
r-devel-linux-x86_64-debian-clang 1.3.3 13.98 105.06 119.04 OK
r-devel-linux-x86_64-debian-gcc 1.3.3 11.25 80.34 91.59 OK
r-devel-linux-x86_64-fedora-clang 1.3.3 140.06 NOTE
r-devel-linux-x86_64-fedora-gcc 1.3.3 136.81 NOTE
r-devel-windows-ix86+x86_64 1.3.3 37.00 106.00 143.00 OK
r-patched-linux-x86_64 1.3.3 13.85 100.88 114.73 OK
r-patched-solaris-x86 1.3.3 211.40 NOTE
r-release-linux-x86_64 1.3.3 14.75 102.60 117.35 OK
r-release-osx-x86_64 1.3.3 NOTE
r-release-windows-ix86+x86_64 1.3.3 23.00 147.00 170.00 OK
r-oldrel-osx-x86_64 1.3.3 NOTE
r-oldrel-windows-ix86+x86_64 1.3.3 26.00 112.00 138.00 OK

Check Details

Version: 1.3.3
Check: dependencies in R code
Result: NOTE
    Namespace in Imports field not imported from: ‘Rcpp’
     All declared Imports should be used.
Flavors: r-devel-linux-x86_64-fedora-clang, r-devel-linux-x86_64-fedora-gcc, r-patched-solaris-x86, r-release-osx-x86_64, r-oldrel-osx-x86_64