CRAN Package Check Results for Package classifierplots

Last updated on 2019-11-16 12:48:07 CET.

Flavor Version Tinstall Tcheck Ttotal Status Flags
r-devel-linux-x86_64-debian-clang 1.3.3 12.81 98.84 111.65 OK
r-devel-linux-x86_64-debian-gcc 1.3.3 11.54 72.65 84.19 OK
r-devel-linux-x86_64-fedora-clang 1.3.3 129.81 NOTE
r-devel-linux-x86_64-fedora-gcc 1.3.3 127.02 NOTE
r-devel-windows-ix86+x86_64 1.3.3 43.00 104.00 147.00 OK
r-patched-linux-x86_64 1.3.3 11.89 90.58 102.47 OK
r-patched-solaris-x86 1.3.3 195.30 NOTE
r-release-linux-x86_64 1.3.3 11.86 88.39 100.25 OK
r-release-windows-ix86+x86_64 1.3.3 28.00 146.00 174.00 OK
r-release-osx-x86_64 1.3.3 NOTE
r-oldrel-windows-ix86+x86_64 1.3.3 13.00 190.00 203.00 OK
r-oldrel-osx-x86_64 1.3.3 NOTE

Check Details

Version: 1.3.3
Check: dependencies in R code
Result: NOTE
    Namespace in Imports field not imported from: ‘Rcpp’
     All declared Imports should be used.
Flavors: r-devel-linux-x86_64-fedora-clang, r-devel-linux-x86_64-fedora-gcc, r-patched-solaris-x86, r-release-osx-x86_64, r-oldrel-osx-x86_64