CRAN Package Check Results for Package classifly

Last updated on 2025-01-19 05:49:05 CET.

Flavor Version Tinstall Tcheck Ttotal Status Flags
r-devel-linux-x86_64-debian-clang 0.4.1 1.85 24.46 26.31 NOTE
r-devel-linux-x86_64-debian-gcc 0.4.1 1.58 17.94 19.52 NOTE
r-devel-linux-x86_64-fedora-clang 0.4.1 45.53 OK
r-devel-linux-x86_64-fedora-gcc 0.4.1 42.19 OK
r-devel-windows-x86_64 0.4.1 4.00 48.00 52.00 NOTE
r-patched-linux-x86_64 0.4.1 2.03 23.33 25.36 OK
r-release-linux-x86_64 0.4.1 1.78 23.18 24.96 OK
r-release-macos-arm64 0.4.1 19.00 OK
r-release-macos-x86_64 0.4.1 26.00 OK
r-release-windows-x86_64 0.4.1 2.00 49.00 51.00 OK
r-oldrel-macos-arm64 0.4.1 18.00 OK
r-oldrel-macos-x86_64 0.4.1 23.00 OK
r-oldrel-windows-x86_64 0.4.1 3.00 50.00 53.00 OK

Check Details

Version: 0.4.1
Check: Rd cross-references
Result: NOTE Found the following Rd file(s) with Rd \link{} targets missing package anchors: generate_classification_data.Rd: knn Please provide package anchors for all Rd \link{} targets not in the package itself and the base packages. Flavors: r-devel-linux-x86_64-debian-clang, r-devel-linux-x86_64-debian-gcc, r-devel-windows-x86_64