CRAN Package Check Results for Package cleandata

Last updated on 2025-01-19 05:49:05 CET.

Flavor Version Tinstall Tcheck Ttotal Status Flags
r-devel-linux-x86_64-debian-clang 0.3.0 2.05 21.07 23.12 OK
r-devel-linux-x86_64-debian-gcc 0.3.0 1.73 16.36 18.09 OK
r-devel-linux-x86_64-fedora-clang 0.3.0 42.11 OK
r-devel-linux-x86_64-fedora-gcc 0.3.0 51.11 OK
r-devel-windows-x86_64 0.3.0 5.00 45.00 50.00 OK
r-patched-linux-x86_64 0.3.0 2.13 20.17 22.30 NOTE
r-release-linux-x86_64 0.3.0 1.69 20.12 21.81 NOTE
r-release-macos-arm64 0.3.0 27.00 NOTE
r-release-macos-x86_64 0.3.0 38.00 NOTE
r-release-windows-x86_64 0.3.0 3.00 46.00 49.00 NOTE
r-oldrel-macos-arm64 0.3.0 19.00 NOTE
r-oldrel-macos-x86_64 0.3.0 31.00 NOTE
r-oldrel-windows-x86_64 0.3.0 3.00 45.00 48.00 NOTE

Check Details

Version: 0.3.0
Check: LazyData
Result: NOTE 'LazyData' is specified without a 'data' directory Flavors: r-patched-linux-x86_64, r-release-linux-x86_64, r-release-macos-arm64, r-release-macos-x86_64, r-release-windows-x86_64, r-oldrel-macos-arm64, r-oldrel-macos-x86_64, r-oldrel-windows-x86_64