CRAN Package Check Results for Package clespr

Last updated on 2025-01-19 05:49:05 CET.

Flavor Version Tinstall Tcheck Ttotal Status Flags
r-devel-linux-x86_64-debian-clang 1.1.2 7.19 61.66 68.85 OK
r-devel-linux-x86_64-debian-gcc 1.1.2 5.64 46.12 51.76 OK
r-devel-linux-x86_64-fedora-clang 1.1.2 115.53 OK
r-devel-linux-x86_64-fedora-gcc 1.1.2 106.55 OK
r-devel-windows-x86_64 1.1.2 9.00 75.00 84.00 OK
r-patched-linux-x86_64 1.1.2 6.37 57.89 64.26 NOTE
r-release-linux-x86_64 1.1.2 7.30 58.41 65.71 NOTE
r-release-macos-arm64 1.1.2 37.00 NOTE
r-release-macos-x86_64 1.1.2 48.00 NOTE
r-release-windows-x86_64 1.1.2 10.00 78.00 88.00 NOTE
r-oldrel-macos-arm64 1.1.2 40.00 NOTE
r-oldrel-macos-x86_64 1.1.2 59.00 NOTE
r-oldrel-windows-x86_64 1.1.2 11.00 92.00 103.00 NOTE

Check Details

Version: 1.1.2
Check: LazyData
Result: NOTE 'LazyData' is specified without a 'data' directory Flavors: r-patched-linux-x86_64, r-release-linux-x86_64, r-release-macos-arm64, r-release-macos-x86_64, r-release-windows-x86_64, r-oldrel-macos-arm64, r-oldrel-macos-x86_64, r-oldrel-windows-x86_64