Last updated on 2024-05-01 16:52:49 CEST.
Flavor | Version | Tinstall | Tcheck | Ttotal | Status | Flags |
---|---|---|---|---|---|---|
r-devel-linux-x86_64-debian-clang | 0.1 | 2.46 | 30.05 | 32.51 | OK | |
r-devel-linux-x86_64-debian-gcc | 0.1 | 1.90 | 22.91 | 24.81 | OK | |
r-devel-linux-x86_64-fedora-clang | 0.1 | 42.38 | OK | |||
r-devel-linux-x86_64-fedora-gcc | 0.1 | 39.48 | OK | |||
r-devel-windows-x86_64 | 0.1 | 3.00 | 43.00 | 46.00 | OK | |
r-patched-linux-x86_64 | 0.1 | 2.72 | 29.33 | 32.05 | OK | |
r-release-linux-x86_64 | 0.1 | 1.92 | 29.04 | 30.96 | OK | |
r-release-macos-arm64 | 0.1 | 17.00 | OK | |||
r-release-windows-x86_64 | 0.1 | 3.00 | 44.00 | 47.00 | OK | |
r-oldrel-macos-arm64 | 0.1 | 19.00 | OK | |||
r-oldrel-macos-x86_64 | 0.1 | 23.00 | NOTE | |||
r-oldrel-windows-x86_64 | 0.1 | 4.00 | 44.00 | 48.00 | OK |
Version: 0.1
Check: package dependencies
Result: NOTE
Package suggested but not available for checking: ‘seqHMM’
Flavor: r-oldrel-macos-x86_64