Last updated on 2025-01-19 05:49:05 CET.
Flavor | Version | Tinstall | Tcheck | Ttotal | Status | Flags |
---|---|---|---|---|---|---|
r-devel-linux-x86_64-debian-clang | 3.2-5 | 11.54 | 85.30 | 96.84 | NOTE | |
r-devel-linux-x86_64-debian-gcc | 3.2-5 | 7.11 | 60.03 | 67.14 | NOTE | |
r-devel-linux-x86_64-fedora-clang | 3.2-5 | 155.09 | NOTE | |||
r-devel-linux-x86_64-fedora-gcc | 3.2-5 | 159.62 | NOTE | |||
r-devel-windows-x86_64 | 3.2-5 | 12.00 | 98.00 | 110.00 | NOTE | |
r-patched-linux-x86_64 | 3.2-5 | 10.22 | 78.43 | 88.65 | NOTE | |
r-release-linux-x86_64 | 3.2-5 | 9.97 | 78.25 | 88.22 | NOTE | |
r-release-macos-arm64 | 3.2-5 | 48.00 | NOTE | |||
r-release-macos-x86_64 | 3.2-5 | 73.00 | NOTE | |||
r-release-windows-x86_64 | 3.2-5 | 11.00 | 100.00 | 111.00 | NOTE | |
r-oldrel-macos-arm64 | 3.2-5 | 51.00 | OK | |||
r-oldrel-macos-x86_64 | 3.2-5 | 83.00 | OK | |||
r-oldrel-windows-x86_64 | 3.2-5 | 12.00 | 115.00 | 127.00 | OK |
Version: 3.2-5
Check: Rd files
Result: NOTE
checkRd: (-1) cf_save_kml.Rd:68: Lost braces
68 | \code{\link{cf_find_station}} and code{vignette("choose-station")} for
| ^
Flavors: r-devel-linux-x86_64-debian-clang, r-devel-linux-x86_64-debian-gcc, r-devel-linux-x86_64-fedora-clang, r-devel-linux-x86_64-fedora-gcc, r-devel-windows-x86_64, r-patched-linux-x86_64, r-release-linux-x86_64, r-release-macos-arm64, r-release-macos-x86_64, r-release-windows-x86_64