CRAN Package Check Results for Package climatrends

Last updated on 2025-01-19 05:49:05 CET.

Flavor Version Tinstall Tcheck Ttotal Status Flags
r-devel-linux-x86_64-debian-clang 0.5 4.30 35.34 39.64 OK
r-devel-linux-x86_64-debian-gcc 0.5 3.05 26.36 29.41 OK
r-devel-linux-x86_64-fedora-clang 0.5 66.54 OK
r-devel-linux-x86_64-fedora-gcc 0.5 76.93 OK
r-devel-windows-x86_64 0.5 8.00 57.00 65.00 OK
r-patched-linux-x86_64 0.5 3.88 33.68 37.56 OK
r-release-linux-x86_64 0.5 4.21 33.60 37.81 OK
r-release-macos-arm64 0.5 30.00 NOTE
r-release-macos-x86_64 0.5 45.00 NOTE
r-release-windows-x86_64 0.5 7.00 59.00 66.00 NOTE
r-oldrel-macos-arm64 0.5 37.00 NOTE
r-oldrel-macos-x86_64 0.5 42.00 NOTE
r-oldrel-windows-x86_64 0.5 8.00 64.00 72.00 NOTE

Check Details

Version: 0.5
Check: installed package size
Result: NOTE installed size is 5.5Mb sub-directories of 1Mb or more: data 3.4Mb doc 1.8Mb Flavors: r-release-macos-arm64, r-release-macos-x86_64, r-release-windows-x86_64, r-oldrel-macos-arm64, r-oldrel-macos-x86_64, r-oldrel-windows-x86_64