CRAN Package Check Results for Package clusterSim

Last updated on 2020-09-22 12:55:12 CEST.

Flavor Version Tinstall Tcheck Ttotal Status Flags
r-devel-linux-x86_64-debian-clang 0.49-1 13.68 96.13 109.81 OK
r-devel-linux-x86_64-debian-gcc 0.49-1 11.11 76.53 87.64 OK
r-devel-linux-x86_64-fedora-clang 0.49-1 140.46 OK
r-devel-linux-x86_64-fedora-gcc 0.49-1 133.99 OK
r-devel-windows-ix86+x86_64 0.49-1 29.00 141.00 170.00 OK
r-patched-linux-x86_64 0.49-1 13.76 95.80 109.56 OK
r-patched-solaris-x86 0.49-1 169.10 OK
r-release-linux-x86_64 0.49-1 13.24 95.22 108.46 OK
r-release-macos-x86_64 0.49-1 OK
r-release-windows-ix86+x86_64 0.49-1 27.00 123.00 150.00 OK
r-oldrel-macos-x86_64 0.49-1 WARN
r-oldrel-windows-ix86+x86_64 0.49-1 15.00 158.00 173.00 OK

Check Details

Version: 0.49-1
Check: whether package can be installed
Result: WARN
    Found the following significant warnings:
     Warning: 'rgl.init' failed, running with 'rgl.useNULL = TRUE'.
Flavor: r-oldrel-macos-x86_64