Last updated on 2024-04-17 13:57:24 CEST.
Flavor | Version | Tinstall | Tcheck | Ttotal | Status | Flags |
---|---|---|---|---|---|---|
r-devel-linux-x86_64-debian-clang | 0.1 | 2.13 | 62.28 | 64.41 | NOTE | |
r-devel-linux-x86_64-debian-gcc | 0.1 | 1.62 | 42.68 | 44.30 | NOTE | |
r-devel-linux-x86_64-fedora-clang | 0.1 | 83.14 | NOTE | |||
r-devel-linux-x86_64-fedora-gcc | 0.1 | 95.14 | NOTE | |||
r-prerel-macos-arm64 | 0.1 | 25.00 | OK | |||
r-prerel-windows-x86_64 | 0.1 | 4.00 | 59.00 | 63.00 | OK | |
r-patched-linux-x86_64 | 0.1 | 1.95 | 57.00 | 58.95 | NOTE | |
r-release-linux-x86_64 | 0.1 | 1.91 | 56.97 | 58.88 | NOTE | |
r-release-macos-arm64 | 0.1 | 27.00 | OK | |||
r-release-macos-x86_64 | 0.1 | 42.00 | OK | |||
r-release-windows-x86_64 | 0.1 | 3.00 | 67.00 | 70.00 | OK | |
r-oldrel-macos-arm64 | 0.1 | 22.00 | OK | |||
r-oldrel-windows-x86_64 | 0.1 | 4.00 | 67.00 | 71.00 | OK |
Version: 0.1
Check: for non-standard things in the check directory
Result: NOTE
Found the following files/directories:
‘clusterhap_reports’
Flavors: r-devel-linux-x86_64-debian-clang, r-devel-linux-x86_64-debian-gcc, r-devel-linux-x86_64-fedora-clang, r-devel-linux-x86_64-fedora-gcc, r-patched-linux-x86_64, r-release-linux-x86_64