CRAN Package Check Results for Package clustermq

Last updated on 2020-05-28 12:48:36 CEST.

Flavor Version Tinstall Tcheck Ttotal Status Flags
r-devel-linux-x86_64-debian-clang 0.8.9 8.75 39.49 48.24 OK
r-devel-linux-x86_64-debian-gcc 0.8.9 8.47 31.96 40.43 OK
r-devel-linux-x86_64-fedora-clang 0.8.9 61.24 NOTE
r-devel-linux-x86_64-fedora-gcc 0.8.9 63.74 NOTE
r-devel-windows-ix86+x86_64 0.8.9 20.00 73.00 93.00 OK
r-patched-linux-x86_64 0.8.9 9.00 38.94 47.94 OK
r-patched-solaris-x86 0.8.9 90.00 NOTE
r-release-linux-x86_64 0.8.9 9.18 39.74 48.92 OK
r-release-osx-x86_64 0.8.9 NOTE
r-release-windows-ix86+x86_64 0.8.9 14.00 54.00 68.00 OK
r-oldrel-osx-x86_64 0.8.9 NOTE
r-oldrel-windows-ix86+x86_64 0.8.9 13.00 51.00 64.00 OK

Check Details

Version: 0.8.9
Check: dependencies in R code
Result: NOTE
    Namespaces in Imports field not imported from:
     ‘R6’ ‘purrr’
     All declared Imports should be used.
Flavors: r-devel-linux-x86_64-fedora-clang, r-devel-linux-x86_64-fedora-gcc, r-patched-solaris-x86, r-release-osx-x86_64, r-oldrel-osx-x86_64