CRAN Package Check Results for Package clustermq

Last updated on 2019-10-18 12:47:34 CEST.

Flavor Version Tinstall Tcheck Ttotal Status Flags
r-devel-linux-x86_64-debian-clang 0.8.8 7.92 37.06 44.98 OK
r-devel-linux-x86_64-debian-gcc 0.8.8 7.05 30.43 37.48 OK
r-devel-linux-x86_64-fedora-clang 0.8.8 57.62 NOTE
r-devel-linux-x86_64-fedora-gcc 0.8.8 56.88 NOTE
r-devel-windows-ix86+x86_64 0.8.8 21.00 62.00 83.00 OK
r-patched-linux-x86_64 0.8.8 7.95 36.46 44.41 OK
r-patched-solaris-x86 0.8.8 81.30 NOTE
r-release-linux-x86_64 0.8.8 7.27 36.87 44.14 OK
r-release-windows-ix86+x86_64 0.8.8 10.00 76.00 86.00 OK
r-release-osx-x86_64 0.8.8 NOTE
r-oldrel-windows-ix86+x86_64 0.8.8 9.00 44.00 53.00 OK
r-oldrel-osx-x86_64 0.8.8 NOTE

Check Details

Version: 0.8.8
Check: dependencies in R code
Result: NOTE
    Namespaces in Imports field not imported from:
     ‘R6’ ‘purrr’
     All declared Imports should be used.
Flavors: r-devel-linux-x86_64-fedora-clang, r-devel-linux-x86_64-fedora-gcc, r-patched-solaris-x86, r-release-osx-x86_64, r-oldrel-osx-x86_64