Last updated on 2024-04-17 13:57:24 CEST.
Flavor | Version | Tinstall | Tcheck | Ttotal | Status | Flags |
---|---|---|---|---|---|---|
r-devel-linux-x86_64-debian-clang | 1.0 | 8.41 | 64.61 | 73.02 | OK | |
r-devel-linux-x86_64-debian-gcc | 1.0 | 6.42 | 49.31 | 55.73 | OK | |
r-devel-linux-x86_64-fedora-clang | 1.0 | 97.70 | NOTE | |||
r-devel-linux-x86_64-fedora-gcc | 1.0 | 101.97 | NOTE | |||
r-prerel-macos-arm64 | 1.0 | 29.00 | OK | |||
r-prerel-windows-x86_64 | 1.0 | 7.00 | 66.00 | 73.00 | OK | |
r-patched-linux-x86_64 | 1.0 | 8.19 | 62.16 | 70.35 | OK | |
r-release-linux-x86_64 | 1.0 | 4.88 | 61.76 | 66.64 | OK | |
r-release-macos-arm64 | 1.0 | 30.00 | OK | |||
r-release-macos-x86_64 | 1.0 | 45.00 | OK | |||
r-release-windows-x86_64 | 1.0 | 11.00 | 74.00 | 85.00 | OK | |
r-oldrel-macos-arm64 | 1.0 | 32.00 | NOTE | |||
r-oldrel-windows-x86_64 | 1.0 | 12.00 | 85.00 | 97.00 | OK |
Version: 1.0
Check: dependencies in R code
Result: NOTE
Namespace in Imports field not imported from: ‘stringi’
All declared Imports should be used.
Flavors: r-devel-linux-x86_64-fedora-clang, r-devel-linux-x86_64-fedora-gcc, r-oldrel-macos-arm64
Version: 1.0
Check: data for non-ASCII characters
Result: NOTE
Note: found 5626 marked UTF-8 strings
Flavors: r-devel-linux-x86_64-fedora-clang, r-devel-linux-x86_64-fedora-gcc, r-oldrel-macos-arm64