CRAN Package Check Results for Package cmdfun

Last updated on 2025-01-19 05:49:05 CET.

Flavor Version Tinstall Tcheck Ttotal Status Flags
r-devel-linux-x86_64-debian-clang 1.0.2 2.47 30.12 32.59 OK
r-devel-linux-x86_64-debian-gcc 1.0.2 1.69 22.82 24.51 OK
r-devel-linux-x86_64-fedora-clang 1.0.2 54.31 OK
r-devel-linux-x86_64-fedora-gcc 1.0.2 63.03 OK
r-devel-windows-x86_64 1.0.2 4.00 53.00 57.00 OK
r-patched-linux-x86_64 1.0.2 2.07 28.35 30.42 NOTE
r-release-linux-x86_64 1.0.2 2.10 27.91 30.01 NOTE
r-release-macos-arm64 1.0.2 27.00 NOTE
r-release-macos-x86_64 1.0.2 38.00 NOTE
r-release-windows-x86_64 1.0.2 4.00 53.00 57.00 NOTE
r-oldrel-macos-arm64 1.0.2 27.00 NOTE
r-oldrel-macos-x86_64 1.0.2 39.00 NOTE
r-oldrel-windows-x86_64 1.0.2 5.00 55.00 60.00 NOTE

Check Details

Version: 1.0.2
Check: LazyData
Result: NOTE 'LazyData' is specified without a 'data' directory Flavors: r-patched-linux-x86_64, r-release-linux-x86_64, r-release-macos-arm64, r-release-macos-x86_64, r-release-windows-x86_64, r-oldrel-macos-arm64, r-oldrel-macos-x86_64, r-oldrel-windows-x86_64