Last updated on 2025-01-19 05:49:05 CET.
Flavor | Version | Tinstall | Tcheck | Ttotal | Status | Flags |
---|---|---|---|---|---|---|
r-devel-linux-x86_64-debian-clang | 1.0.3 | 1.83 | 19.09 | 20.92 | OK | |
r-devel-linux-x86_64-debian-gcc | 1.0.3 | 1.45 | 15.39 | 16.84 | OK | |
r-devel-linux-x86_64-fedora-clang | 1.0.3 | 34.02 | OK | |||
r-devel-linux-x86_64-fedora-gcc | 1.0.3 | 33.37 | OK | |||
r-devel-windows-x86_64 | 1.0.3 | 4.00 | 41.00 | 45.00 | OK | |
r-patched-linux-x86_64 | 1.0.3 | 1.62 | 18.14 | 19.76 | OK | |
r-release-linux-x86_64 | 1.0.3 | 1.80 | 18.32 | 20.12 | OK | |
r-release-macos-arm64 | 1.0.3 | 18.00 | OK | |||
r-release-macos-x86_64 | 1.0.3 | 23.00 | OK | |||
r-release-windows-x86_64 | 1.0.3 | 3.00 | 42.00 | 45.00 | OK | |
r-oldrel-macos-arm64 | 1.0.3 | 11.00 | ERROR | |||
r-oldrel-macos-x86_64 | 0.1.2 | 28.00 | NOTE | |||
r-oldrel-windows-x86_64 | 0.1.2 | 4.00 | 45.00 | 49.00 | NOTE |
Version: 1.0.3
Check: whether package can be installed
Result: ERROR
Installation failed.
Flavor: r-oldrel-macos-arm64
Version: 0.1.2
Check: LazyData
Result: NOTE
'LazyData' is specified without a 'data' directory
Flavors: r-oldrel-macos-x86_64, r-oldrel-windows-x86_64