Last updated on 2025-01-19 05:49:05 CET.
Flavor | Version | Tinstall | Tcheck | Ttotal | Status | Flags |
---|---|---|---|---|---|---|
r-devel-linux-x86_64-debian-clang | 0.4.0 | 52.45 | 139.05 | 191.50 | OK | |
r-devel-linux-x86_64-debian-gcc | 0.4.0 | 41.86 | 98.28 | 140.14 | OK | |
r-devel-linux-x86_64-fedora-clang | 0.4.0 | 355.00 | OK | |||
r-devel-linux-x86_64-fedora-gcc | 0.4.0 | 368.49 | OK | |||
r-devel-windows-x86_64 | 0.4.0 | 63.00 | 222.00 | 285.00 | OK | |
r-patched-linux-x86_64 | 0.4.0 | 61.55 | 129.24 | 190.79 | OK | |
r-release-linux-x86_64 | 0.4.0 | 56.25 | 130.05 | 186.30 | OK | |
r-release-macos-arm64 | 0.4.0 | 102.00 | NOTE | |||
r-release-macos-x86_64 | 0.4.0 | 130.00 | NOTE | |||
r-release-windows-x86_64 | 0.4.0 | 64.00 | 215.00 | 279.00 | OK | |
r-oldrel-macos-arm64 | 0.4.0 | 103.00 | NOTE | |||
r-oldrel-macos-x86_64 | 0.4.0 | 225.00 | NOTE | |||
r-oldrel-windows-x86_64 | 0.4.0 | 67.00 | 256.00 | 323.00 | OK |
Version: 0.4.0
Check: installed package size
Result: NOTE
installed size is 10.1Mb
sub-directories of 1Mb or more:
libs 9.2Mb
Flavors: r-release-macos-arm64, r-release-macos-x86_64, r-oldrel-macos-arm64, r-oldrel-macos-x86_64