Last updated on 2025-01-19 05:49:05 CET.
Flavor | Version | Tinstall | Tcheck | Ttotal | Status | Flags |
---|---|---|---|---|---|---|
r-devel-linux-x86_64-debian-clang | 0.6-6 | 9.94 | 94.32 | 104.26 | NOTE | |
r-devel-linux-x86_64-debian-gcc | 0.6-6 | 7.61 | 66.40 | 74.01 | NOTE | |
r-devel-linux-x86_64-fedora-clang | 0.6-6 | 169.19 | OK | |||
r-devel-linux-x86_64-fedora-gcc | 0.6-6 | 174.55 | OK | |||
r-devel-windows-x86_64 | 0.6-6 | 11.00 | 106.00 | 117.00 | NOTE | |
r-patched-linux-x86_64 | 0.6-6 | 13.51 | 90.52 | 104.03 | OK | |
r-release-linux-x86_64 | 0.6-6 | 9.82 | 91.56 | 101.38 | OK | |
r-release-macos-arm64 | 0.6-6 | 45.00 | OK | |||
r-release-macos-x86_64 | 0.6-6 | 75.00 | OK | |||
r-release-windows-x86_64 | 0.6-6 | 11.00 | 108.00 | 119.00 | OK | |
r-oldrel-macos-arm64 | 0.6-6 | 48.00 | OK | |||
r-oldrel-macos-x86_64 | 0.6-6 | 80.00 | OK | |||
r-oldrel-windows-x86_64 | 0.6-6 | 13.00 | 132.00 | 145.00 | OK |
Version: 0.6-6
Check: Rd cross-references
Result: NOTE
Found the following Rd file(s) with Rd \link{} targets missing package
anchors:
dic.fit.mcmc.Rd: MCMCmetrop1R
Please provide package anchors for all Rd \link{} targets not in the
package itself and the base packages.
Flavors: r-devel-linux-x86_64-debian-clang, r-devel-linux-x86_64-debian-gcc, r-devel-windows-x86_64