Last updated on 2025-01-19 05:49:05 CET.
Flavor | Version | Tinstall | Tcheck | Ttotal | Status | Flags |
---|---|---|---|---|---|---|
r-devel-linux-x86_64-debian-clang | 0.2.0 | 9.89 | 84.87 | 94.76 | OK | |
r-devel-linux-x86_64-debian-gcc | 0.2.0 | 7.03 | 61.36 | 68.39 | OK | |
r-devel-linux-x86_64-fedora-clang | 0.2.0 | 152.58 | OK | |||
r-devel-linux-x86_64-fedora-gcc | 0.2.0 | 146.06 | OK | |||
r-devel-windows-x86_64 | 0.2.0 | 12.00 | 91.00 | 103.00 | OK | |
r-patched-linux-x86_64 | 0.2.0 | 8.74 | 78.66 | 87.40 | NOTE | |
r-release-linux-x86_64 | 0.2.0 | 9.00 | 77.85 | 86.85 | NOTE | |
r-release-macos-arm64 | 0.2.0 | 41.00 | NOTE | |||
r-release-macos-x86_64 | 0.2.0 | 67.00 | NOTE | |||
r-release-windows-x86_64 | 0.2.0 | 12.00 | 91.00 | 103.00 | NOTE | |
r-oldrel-macos-arm64 | 0.2.0 | 47.00 | NOTE | |||
r-oldrel-macos-x86_64 | 0.2.0 | 75.00 | NOTE | |||
r-oldrel-windows-x86_64 | 0.2.0 | 12.00 | 107.00 | 119.00 | NOTE |
Version: 0.2.0
Check: package dependencies
Result: NOTE
Package suggested but not available for checking: ‘disttree’
Flavors: r-patched-linux-x86_64, r-release-linux-x86_64, r-release-macos-arm64, r-release-macos-x86_64, r-release-windows-x86_64, r-oldrel-macos-arm64, r-oldrel-macos-x86_64, r-oldrel-windows-x86_64