Last updated on 2024-05-01 16:52:50 CEST.
Flavor | Version | Tinstall | Tcheck | Ttotal | Status | Flags |
---|---|---|---|---|---|---|
r-devel-linux-x86_64-debian-clang | 0.2.0 | 12.58 | 109.50 | 122.08 | NOTE | |
r-devel-linux-x86_64-debian-gcc | 0.2.0 | 9.20 | 79.59 | 88.79 | NOTE | |
r-devel-linux-x86_64-fedora-clang | 0.2.0 | 155.76 | NOTE | |||
r-devel-linux-x86_64-fedora-gcc | 0.2.0 | 168.67 | NOTE | |||
r-devel-windows-x86_64 | 0.2.0 | 12.00 | 89.00 | 101.00 | NOTE | |
r-patched-linux-x86_64 | 0.2.0 | 8.12 | 102.99 | 111.11 | NOTE | |
r-release-linux-x86_64 | 0.2.0 | 9.28 | 103.93 | 113.21 | NOTE | |
r-release-macos-arm64 | 0.2.0 | 41.00 | NOTE | |||
r-release-windows-x86_64 | 0.2.0 | 12.00 | 88.00 | 100.00 | NOTE | |
r-oldrel-macos-arm64 | 0.2.0 | 47.00 | NOTE | |||
r-oldrel-macos-x86_64 | 0.2.0 | 75.00 | NOTE | |||
r-oldrel-windows-x86_64 | 0.2.0 | 15.00 | 108.00 | 123.00 | NOTE |
Version: 0.2.0
Check: package dependencies
Result: NOTE
Package suggested but not available for checking: ‘disttree’
Flavors: r-devel-linux-x86_64-debian-clang, r-devel-linux-x86_64-debian-gcc, r-devel-linux-x86_64-fedora-clang, r-devel-linux-x86_64-fedora-gcc, r-devel-windows-x86_64, r-patched-linux-x86_64, r-release-linux-x86_64, r-release-macos-arm64, r-release-windows-x86_64, r-oldrel-macos-arm64, r-oldrel-macos-x86_64, r-oldrel-windows-x86_64