Last updated on 2024-04-21 12:53:52 CEST.
Flavor | Version | Tinstall | Tcheck | Ttotal | Status | Flags |
---|---|---|---|---|---|---|
r-devel-linux-x86_64-debian-clang | 1.1-4 | 4.48 | 41.01 | 45.49 | NOTE | |
r-devel-linux-x86_64-debian-gcc | 1.1-4 | 3.64 | 30.53 | 34.17 | NOTE | |
r-devel-linux-x86_64-fedora-clang | 1.1-4 | 60.10 | NOTE | |||
r-devel-linux-x86_64-fedora-gcc | 1.1-4 | 62.79 | NOTE | |||
r-prerel-macos-arm64 | 1.1-4 | 20.00 | NOTE | |||
r-prerel-windows-x86_64 | 1.1-4 | 6.00 | 51.00 | 57.00 | NOTE | |
r-patched-linux-x86_64 | 1.1-4 | 6.22 | 39.65 | 45.87 | NOTE | |
r-release-linux-x86_64 | 1.1-4 | 3.84 | 38.62 | 42.46 | NOTE | |
r-release-macos-arm64 | 1.1-4 | 23.00 | NOTE | |||
r-release-macos-x86_64 | 1.1-4 | 30.00 | NOTE | |||
r-release-windows-x86_64 | 1.1-4 | 6.00 | 53.00 | 59.00 | NOTE | |
r-oldrel-macos-arm64 | 1.1-4 | 19.00 | NOTE | |||
r-oldrel-windows-x86_64 | 1.1-4 | 9.00 | 56.00 | 65.00 | NOTE |
Version: 1.1-4
Check: package dependencies
Result: NOTE
Package which this enhances but not available for checking: ‘rkward’
Flavors: r-devel-linux-x86_64-debian-clang, r-devel-linux-x86_64-debian-gcc, r-devel-linux-x86_64-fedora-clang, r-devel-linux-x86_64-fedora-gcc, r-prerel-macos-arm64, r-prerel-windows-x86_64, r-patched-linux-x86_64, r-release-linux-x86_64, r-release-macos-arm64, r-release-macos-x86_64, r-release-windows-x86_64, r-oldrel-macos-arm64, r-oldrel-windows-x86_64