CRAN Package Check Results for Package cocron

Last updated on 2025-01-19 05:49:05 CET.

Flavor Version Tinstall Tcheck Ttotal Status Flags
r-devel-linux-x86_64-debian-clang 1.0-1 2.64 23.40 26.04 OK
r-devel-linux-x86_64-debian-gcc 1.0-1 2.39 18.78 21.17 OK
r-devel-linux-x86_64-fedora-clang 1.0-1 42.70 OK
r-devel-linux-x86_64-fedora-gcc 1.0-1 42.49 OK
r-devel-windows-x86_64 1.0-1 5.00 45.00 50.00 OK
r-patched-linux-x86_64 1.0-1 2.52 22.61 25.13 NOTE
r-release-linux-x86_64 1.0-1 2.76 22.69 25.45 NOTE
r-release-macos-arm64 1.0-1 17.00 NOTE
r-release-macos-x86_64 1.0-1 25.00 NOTE
r-release-windows-x86_64 1.0-1 4.00 45.00 49.00 NOTE
r-oldrel-macos-arm64 1.0-1 17.00 NOTE
r-oldrel-macos-x86_64 1.0-1 23.00 NOTE
r-oldrel-windows-x86_64 1.0-1 4.00 47.00 51.00 NOTE

Check Details

Version: 1.0-1
Check: package dependencies
Result: NOTE Package which this enhances but not available for checking: ‘rkward’ Flavors: r-patched-linux-x86_64, r-release-linux-x86_64, r-release-macos-arm64, r-release-macos-x86_64, r-release-windows-x86_64, r-oldrel-macos-arm64, r-oldrel-macos-x86_64, r-oldrel-windows-x86_64