Last updated on 2024-04-17 13:57:24 CEST.
Flavor | Version | Tinstall | Tcheck | Ttotal | Status | Flags |
---|---|---|---|---|---|---|
r-devel-linux-x86_64-debian-clang | 1.0-1 | 3.39 | 30.04 | 33.43 | NOTE | |
r-devel-linux-x86_64-debian-gcc | 1.0-1 | 2.28 | 22.75 | 25.03 | NOTE | |
r-devel-linux-x86_64-fedora-clang | 1.0-1 | 43.30 | NOTE | |||
r-devel-linux-x86_64-fedora-gcc | 1.0-1 | 46.14 | NOTE | |||
r-prerel-macos-arm64 | 1.0-1 | 17.00 | NOTE | |||
r-prerel-windows-x86_64 | 1.0-1 | 6.00 | 44.00 | 50.00 | NOTE | |
r-patched-linux-x86_64 | 1.0-1 | 3.61 | 28.38 | 31.99 | NOTE | |
r-release-linux-x86_64 | 1.0-1 | 2.50 | 28.58 | 31.08 | NOTE | |
r-release-macos-arm64 | 1.0-1 | 17.00 | NOTE | |||
r-release-macos-x86_64 | 1.0-1 | 23.00 | NOTE | |||
r-release-windows-x86_64 | 1.0-1 | 4.00 | 46.00 | 50.00 | NOTE | |
r-oldrel-macos-arm64 | 1.0-1 | 17.00 | NOTE | |||
r-oldrel-windows-x86_64 | 1.0-1 | 7.00 | 50.00 | 57.00 | NOTE |
Version: 1.0-1
Check: package dependencies
Result: NOTE
Package which this enhances but not available for checking: ‘rkward’
Flavors: r-devel-linux-x86_64-debian-clang, r-devel-linux-x86_64-debian-gcc, r-devel-linux-x86_64-fedora-clang, r-devel-linux-x86_64-fedora-gcc, r-prerel-macos-arm64, r-prerel-windows-x86_64, r-patched-linux-x86_64, r-release-linux-x86_64, r-release-macos-arm64, r-release-macos-x86_64, r-release-windows-x86_64, r-oldrel-macos-arm64, r-oldrel-windows-x86_64