Last updated on 2024-04-21 12:53:52 CEST.
Flavor | Version | Tinstall | Tcheck | Ttotal | Status | Flags |
---|---|---|---|---|---|---|
r-devel-linux-x86_64-debian-clang | 0.9.2 | 7.63 | 185.20 | 192.83 | NOTE | |
r-devel-linux-x86_64-debian-gcc | 0.9.2 | 6.29 | 134.47 | 140.76 | NOTE | |
r-devel-linux-x86_64-fedora-clang | 0.9.2 | 243.20 | NOTE | |||
r-devel-linux-x86_64-fedora-gcc | 0.9.2 | 346.45 | NOTE | |||
r-prerel-macos-arm64 | 0.9.2 | 94.00 | NOTE | |||
r-prerel-windows-x86_64 | 0.9.2 | 8.00 | 155.00 | 163.00 | NOTE | |
r-patched-linux-x86_64 | 0.9.2 | 4.96 | 175.82 | 180.78 | NOTE | |
r-release-linux-x86_64 | 0.9.2 | 4.75 | 175.01 | 179.76 | NOTE | |
r-release-macos-arm64 | 0.9.2 | 97.00 | NOTE | |||
r-release-macos-x86_64 | 0.9.2 | 236.00 | NOTE | |||
r-release-windows-x86_64 | 0.9.2 | 10.00 | 199.00 | 209.00 | NOTE | |
r-oldrel-macos-arm64 | 0.9.2 | 91.00 | NOTE | |||
r-oldrel-windows-x86_64 | 0.9.2 | 10.00 | 192.00 | 202.00 | NOTE |
Version: 0.9.2
Check: package dependencies
Result: NOTE
Package suggested but not available for checking: ‘userfriendlyscience’
Flavors: r-devel-linux-x86_64-debian-clang, r-devel-linux-x86_64-debian-gcc, r-devel-linux-x86_64-fedora-clang, r-devel-linux-x86_64-fedora-gcc, r-prerel-macos-arm64, r-prerel-windows-x86_64, r-patched-linux-x86_64, r-release-linux-x86_64, r-release-macos-arm64, r-release-macos-x86_64, r-release-windows-x86_64, r-oldrel-macos-arm64, r-oldrel-windows-x86_64
Version: 0.9.2
Check: dependencies in R code
Result: NOTE
Namespaces in Imports field not imported from:
‘graphics’ ‘jsonlite’ ‘rlang’ ‘tidyselect’ ‘vctrs’
All declared Imports should be used.
Flavors: r-devel-linux-x86_64-fedora-clang, r-devel-linux-x86_64-fedora-gcc, r-oldrel-macos-arm64
Version: 0.9.2
Check: data for non-ASCII characters
Result: NOTE
Note: found 65 marked UTF-8 strings
Flavors: r-devel-linux-x86_64-fedora-clang, r-devel-linux-x86_64-fedora-gcc, r-oldrel-macos-arm64