CRAN Package Check Results for Package codified

Last updated on 2020-05-30 12:48:06 CEST.

Flavor Version Tinstall Tcheck Ttotal Status Flags
r-devel-linux-x86_64-debian-clang 0.2.0 2.90 39.08 41.98 OK
r-devel-linux-x86_64-debian-gcc 0.2.0 2.37 29.63 32.00 OK
r-devel-linux-x86_64-fedora-clang 0.2.0 50.05 NOTE
r-devel-linux-x86_64-fedora-gcc 0.2.0 50.86 NOTE
r-devel-windows-ix86+x86_64 0.2.0 14.00 79.00 93.00 OK
r-patched-linux-x86_64 0.2.0 3.05 37.40 40.45 OK
r-patched-solaris-x86 0.2.0 72.80 NOTE
r-release-linux-x86_64 0.2.0 3.07 37.90 40.97 OK
r-release-osx-x86_64 0.2.0 NOTE
r-release-windows-ix86+x86_64 0.2.0 10.00 58.00 68.00 OK
r-oldrel-osx-x86_64 0.2.0 NOTE
r-oldrel-windows-ix86+x86_64 0.2.0 8.00 51.00 59.00 OK

Check Details

Version: 0.2.0
Check: dependencies in R code
Result: NOTE
    Namespaces in Imports field not imported from:
     ‘methods’ ‘readr’
     All declared Imports should be used.
Flavors: r-devel-linux-x86_64-fedora-clang, r-devel-linux-x86_64-fedora-gcc, r-patched-solaris-x86, r-release-osx-x86_64, r-oldrel-osx-x86_64