CRAN Package Check Results for Package codified

Last updated on 2019-11-15 12:47:59 CET.

Flavor Version Tinstall Tcheck Ttotal Status Flags
r-devel-linux-x86_64-debian-clang 0.2.0 2.52 34.71 37.23 OK
r-devel-linux-x86_64-debian-gcc 0.2.0 2.11 26.44 28.55 OK
r-devel-linux-x86_64-fedora-clang 0.2.0 45.41 NOTE
r-devel-linux-x86_64-fedora-gcc 0.2.0 42.97 NOTE
r-devel-windows-ix86+x86_64 0.2.0 19.00 73.00 92.00 OK
r-patched-linux-x86_64 0.2.0 2.14 31.86 34.00 OK
r-patched-solaris-x86 0.2.0 65.90 NOTE
r-release-linux-x86_64 0.2.0 2.28 31.78 34.06 OK
r-release-windows-ix86+x86_64 0.2.0 5.00 81.00 86.00 OK
r-release-osx-x86_64 0.2.0 NOTE
r-oldrel-windows-ix86+x86_64 0.2.0 4.00 77.00 81.00 OK

Check Details

Version: 0.2.0
Check: dependencies in R code
Result: NOTE
    Namespaces in Imports field not imported from:
     ‘methods’ ‘readr’
     All declared Imports should be used.
Flavors: r-devel-linux-x86_64-fedora-clang, r-devel-linux-x86_64-fedora-gcc, r-patched-solaris-x86, r-release-osx-x86_64