Last updated on 2025-01-19 05:49:06 CET.
Flavor | Version | Tinstall | Tcheck | Ttotal | Status | Flags |
---|---|---|---|---|---|---|
r-devel-linux-x86_64-debian-clang | 1.2.8 | 5.44 | 79.31 | 84.75 | NOTE | |
r-devel-linux-x86_64-debian-gcc | 1.2.8 | 4.42 | 55.07 | 59.49 | NOTE | |
r-devel-linux-x86_64-fedora-clang | 1.2.8 | 136.58 | OK | |||
r-devel-linux-x86_64-fedora-gcc | 1.2.8 | 130.95 | OK | |||
r-devel-windows-x86_64 | 1.2.8 | 8.00 | 105.00 | 113.00 | NOTE | |
r-patched-linux-x86_64 | 1.2.8 | 10.85 | 75.51 | 86.36 | OK | |
r-release-linux-x86_64 | 1.2.8 | 5.93 | 72.61 | 78.54 | OK | |
r-release-macos-arm64 | 1.2.8 | 42.00 | OK | |||
r-release-macos-x86_64 | 1.2.8 | 63.00 | OK | |||
r-release-windows-x86_64 | 1.2.8 | 8.00 | 101.00 | 109.00 | OK | |
r-oldrel-macos-arm64 | 1.2.8 | 41.00 | OK | |||
r-oldrel-macos-x86_64 | 1.2.8 | 77.00 | OK | |||
r-oldrel-windows-x86_64 | 1.2.8 | 11.00 | 123.00 | 134.00 | OK |
Version: 1.2.8
Check: Rd cross-references
Result: NOTE
Found the following Rd file(s) with Rd \link{} targets missing package
anchors:
coefplot.Rd: ggplot
Please provide package anchors for all Rd \link{} targets not in the
package itself and the base packages.
Flavors: r-devel-linux-x86_64-debian-clang, r-devel-linux-x86_64-debian-gcc, r-devel-windows-x86_64