CRAN Package Check Results for Package coenoflex

Last updated on 2025-01-19 05:49:06 CET.

Flavor Version Tinstall Tcheck Ttotal Status Flags
r-devel-linux-x86_64-debian-clang 2.2-0 8.50 51.53 60.03 OK
r-devel-linux-x86_64-debian-gcc 2.2-0 5.54 38.40 43.94 OK
r-devel-linux-x86_64-fedora-clang 2.2-0 95.08 NOTE
r-devel-linux-x86_64-fedora-gcc 2.2-0 90.56 NOTE
r-devel-windows-x86_64 2.2-0 11.00 67.00 78.00 OK
r-patched-linux-x86_64 2.2-0 7.57 49.30 56.87 OK
r-release-linux-x86_64 2.2-0 6.70 48.31 55.01 OK
r-release-macos-arm64 2.2-0 33.00 OK
r-release-macos-x86_64 2.2-0 51.00 OK
r-release-windows-x86_64 2.2-0 11.00 68.00 79.00 OK
r-oldrel-macos-arm64 2.2-0 36.00 OK
r-oldrel-macos-x86_64 2.2-0 54.00 OK
r-oldrel-windows-x86_64 2.2-0 10.00 71.00 81.00 OK

Check Details

Version: 2.2-0
Check: compiled code
Result: NOTE File ‘coenoflex/libs/coenoflex.so’: Found no calls to: ‘R_registerRoutines’, ‘R_useDynamicSymbols’ It is good practice to register native routines and to disable symbol search. See ‘Writing portable packages’ in the ‘Writing R Extensions’ manual. Flavors: r-devel-linux-x86_64-fedora-clang, r-devel-linux-x86_64-fedora-gcc