Last updated on 2025-01-19 05:49:06 CET.
Flavor | Version | Tinstall | Tcheck | Ttotal | Status | Flags |
---|---|---|---|---|---|---|
r-devel-linux-x86_64-debian-clang | 1.0.2 | 21.43 | 126.16 | 147.59 | OK | |
r-devel-linux-x86_64-debian-gcc | 1.0.2 | 17.40 | 123.65 | 141.05 | OK | |
r-devel-linux-x86_64-fedora-clang | 1.0.2 | 218.69 | OK | |||
r-devel-linux-x86_64-fedora-gcc | 1.0.2 | 236.31 | OK | |||
r-devel-windows-x86_64 | 1.0.2 | 25.00 | 165.00 | 190.00 | OK | |
r-patched-linux-x86_64 | 1.0.2 | 21.06 | 124.56 | 145.62 | OK | |
r-release-linux-x86_64 | 1.0.2 | 22.78 | 124.01 | 146.79 | OK | |
r-release-macos-arm64 | 1.0.2 | 84.00 | NOTE | |||
r-release-macos-x86_64 | 1.0.2 | 108.00 | NOTE | |||
r-release-windows-x86_64 | 1.0.2 | 24.00 | 152.00 | 176.00 | OK | |
r-oldrel-macos-arm64 | 1.0.2 | 98.00 | NOTE | |||
r-oldrel-macos-x86_64 | 1.0.2 | 204.00 | NOTE | |||
r-oldrel-windows-x86_64 | 1.0.2 | 25.00 | 194.00 | 219.00 | OK |
Version: 1.0.2
Check: installed package size
Result: NOTE
installed size is 5.8Mb
sub-directories of 1Mb or more:
libs 5.6Mb
Flavors: r-release-macos-arm64, r-release-macos-x86_64, r-oldrel-macos-arm64, r-oldrel-macos-x86_64