Last updated on 2025-01-19 05:49:06 CET.
Flavor | Version | Tinstall | Tcheck | Ttotal | Status | Flags |
---|---|---|---|---|---|---|
r-devel-linux-x86_64-debian-clang | 0.9.3 | 7.29 | 75.28 | 82.57 | NOTE | |
r-devel-linux-x86_64-debian-gcc | 0.9.3 | 5.01 | 52.91 | 57.92 | NOTE | |
r-devel-linux-x86_64-fedora-clang | 0.9.3 | 133.14 | NOTE | |||
r-devel-linux-x86_64-fedora-gcc | 0.9.3 | 134.96 | NOTE | |||
r-devel-windows-x86_64 | 0.9.3 | 9.00 | 91.00 | 100.00 | NOTE | |
r-patched-linux-x86_64 | 0.9.3 | 7.19 | 69.98 | 77.17 | NOTE | |
r-release-linux-x86_64 | 0.9.3 | 7.13 | 68.69 | 75.82 | NOTE | |
r-release-macos-arm64 | 0.9.3 | 37.00 | NOTE | |||
r-release-macos-x86_64 | 0.9.3 | 56.00 | NOTE | |||
r-release-windows-x86_64 | 0.9.3 | 10.00 | 90.00 | 100.00 | NOTE | |
r-oldrel-macos-arm64 | 0.9.3 | 39.00 | NOTE | |||
r-oldrel-macos-x86_64 | 0.9.3 | 54.00 | NOTE | |||
r-oldrel-windows-x86_64 | 0.9.3 | 10.00 | 108.00 | 118.00 | NOTE |
Version: 0.9.3
Check: package subdirectories
Result: NOTE
Problems with news in ‘NEWS.md’:
No news entries found.
Flavors: r-devel-linux-x86_64-debian-clang, r-devel-linux-x86_64-debian-gcc, r-devel-linux-x86_64-fedora-clang, r-devel-linux-x86_64-fedora-gcc, r-devel-windows-x86_64, r-patched-linux-x86_64, r-release-linux-x86_64, r-release-macos-arm64, r-release-macos-x86_64, r-release-windows-x86_64, r-oldrel-macos-arm64, r-oldrel-macos-x86_64, r-oldrel-windows-x86_64
Version: 0.9.3
Check: package dependencies
Result: NOTE
Package suggested but not available for checking: ‘car’
Flavor: r-oldrel-macos-x86_64