Last updated on 2025-01-19 05:49:06 CET.
Flavor | Version | Tinstall | Tcheck | Ttotal | Status | Flags |
---|---|---|---|---|---|---|
r-devel-linux-x86_64-debian-clang | 0.1.6 | 11.86 | 88.81 | 100.67 | NOTE | |
r-devel-linux-x86_64-debian-gcc | 0.1.6 | 7.78 | 63.40 | 71.18 | NOTE | |
r-devel-linux-x86_64-fedora-clang | 0.1.6 | 164.03 | OK | |||
r-devel-linux-x86_64-fedora-gcc | 0.1.6 | 152.10 | OK | |||
r-devel-windows-x86_64 | 0.1.6 | 12.00 | 89.00 | 101.00 | NOTE | |
r-patched-linux-x86_64 | 0.1.6 | 17.43 | 81.48 | 98.91 | OK | |
r-release-linux-x86_64 | 0.1.6 | 10.94 | 79.80 | 90.74 | OK | |
r-release-macos-arm64 | 0.1.6 | 45.00 | OK | |||
r-release-macos-x86_64 | 0.1.6 | 66.00 | OK | |||
r-release-windows-x86_64 | 0.1.6 | 12.00 | 89.00 | 101.00 | OK | |
r-oldrel-macos-arm64 | 0.1.6 | 49.00 | OK | |||
r-oldrel-macos-x86_64 | 0.1.6 | 77.00 | OK | |||
r-oldrel-windows-x86_64 | 0.1.6 | 15.00 | 111.00 | 126.00 | OK |
Version: 0.1.6
Check: Rd cross-references
Result: NOTE
Found the following Rd file(s) with Rd \link{} targets missing package
anchors:
boxesLx.Rd: grViz
mkratetable.Rd: survival, pyears
plotcuminc.Rd: survival, pyears
Please provide package anchors for all Rd \link{} targets not in the
package itself and the base packages.
Flavors: r-devel-linux-x86_64-debian-clang, r-devel-linux-x86_64-debian-gcc, r-devel-windows-x86_64