Last updated on 2025-01-19 05:49:06 CET.
Flavor | Version | Tinstall | Tcheck | Ttotal | Status | Flags |
---|---|---|---|---|---|---|
r-devel-linux-x86_64-debian-clang | 2.0.19 | 214.92 | 393.75 | 608.67 | OK | |
r-devel-linux-x86_64-debian-gcc | 2.0.19 | 151.48 | 258.24 | 409.72 | OK | |
r-devel-linux-x86_64-fedora-clang | 2.0.19 | 998.91 | OK | |||
r-devel-linux-x86_64-fedora-gcc | 2.0.19 | 1117.63 | OK | |||
r-devel-windows-x86_64 | 2.0.19 | 166.00 | 450.00 | 616.00 | OK | |
r-patched-linux-x86_64 | 2.0.19 | 197.89 | 376.84 | 574.73 | OK | |
r-release-linux-x86_64 | 2.0.19 | 191.42 | 379.32 | 570.74 | OK | |
r-release-macos-arm64 | 2.0.19 | 277.00 | NOTE | |||
r-release-macos-x86_64 | 2.0.19 | 628.00 | NOTE | |||
r-release-windows-x86_64 | 2.0.19 | 176.00 | 453.00 | 629.00 | NOTE | |
r-oldrel-macos-arm64 | 2.0.19 | 280.00 | NOTE | |||
r-oldrel-macos-x86_64 | 2.0.19 | 502.00 | NOTE | |||
r-oldrel-windows-x86_64 | 2.0.19 | 198.00 | 540.00 | 738.00 | NOTE |
Version: 2.0.19
Check: installed package size
Result: NOTE
installed size is 23.2Mb
sub-directories of 1Mb or more:
R 1.1Mb
libs 20.1Mb
Flavors: r-release-macos-arm64, r-release-macos-x86_64, r-release-windows-x86_64, r-oldrel-macos-arm64, r-oldrel-macos-x86_64, r-oldrel-windows-x86_64