CRAN Package Check Results for Package colocr

Last updated on 2019-12-06 12:49:07 CET.

Flavor Version Tinstall Tcheck Ttotal Status Flags
r-devel-linux-x86_64-debian-clang 0.1.0 4.11 202.63 206.74 OK
r-devel-linux-x86_64-debian-gcc 0.1.0 3.51 140.14 143.65 OK
r-devel-linux-x86_64-fedora-clang 0.1.0 233.15 OK
r-devel-linux-x86_64-fedora-gcc 0.1.0 229.61 OK
r-devel-windows-ix86+x86_64 0.1.0 14.00 291.00 305.00 OK
r-devel-windows-ix86+x86_64-gcc8 0.1.0 12.00 219.00 231.00 OK
r-patched-linux-x86_64 0.1.0 4.08 191.69 195.77 OK
r-patched-solaris-x86 0.1.0 348.30 ERROR
r-release-linux-x86_64 0.1.0 4.35 185.02 189.37 OK
r-release-windows-ix86+x86_64 0.1.0 12.00 234.00 246.00 OK
r-release-osx-x86_64 0.1.0 ERROR
r-oldrel-windows-ix86+x86_64 0.1.0 6.00 321.00 327.00 OK
r-oldrel-osx-x86_64 0.1.0 ERROR

Check Details

Version: 0.1.0
Check: tests
Result: ERROR
     Running ‘testthat.R’ [128s/166s]
    Running the tests in ‘tests/testthat.R’ failed.
    Complete output:
     > library(testthat)
     > library(shinytest)
     shinytest requires a headless web browser (PhantomJS) to record and run tests.
     To install it, run shinytest::installDependencies()
     If it is installed, please make sure the phantomjs executable can be found via the PATH variable.
     > library(colocr)
     >
     > test_check("colocr")
     ── 1. Failure: the app results are reproduced faithfuly (@test-reproduce_app.R#3
     all.equal(...) isn't true.
    
     ── 2. Failure: the app results are reproduced faithfuly (@test-reproduce_app.R#3
     all.equal(...) isn't true.
    
     ── 3. Failure: the app results are reproduced using imager only (@test-reproduce
     all.equal(round(stats$pcc, 3), round(unlist(corr), 3)) isn't true.
    
     ── 4. Failure: the app results are reproduced using imager only (@test-reproduce
     all.equal(round(stats$moc, 3), round(unlist(corr), 3)) isn't true.
    
     ══ testthat results ═══════════════════════════════════════════════════════════
     [ OK: 38 | SKIPPED: 1 | WARNINGS: 0 | FAILED: 4 ]
     1. Failure: the app results are reproduced faithfuly (@test-reproduce_app.R#32)
     2. Failure: the app results are reproduced faithfuly (@test-reproduce_app.R#35)
     3. Failure: the app results are reproduced using imager only (@test-reproduce_app.R#126)
     4. Failure: the app results are reproduced using imager only (@test-reproduce_app.R#145)
    
     Error: testthat unit tests failed
     Execution halted
Flavor: r-patched-solaris-x86

Version: 0.1.0
Check: tests
Result: ERROR
     Running ‘testthat.R’ [64s/64s]
    Running the tests in ‘tests/testthat.R’ failed.
    Last 13 lines of output:
     ── 3. Failure: the app results are reproduced using imager only (@test-reproduce
     all.equal(round(stats$pcc, 3), round(unlist(corr), 3)) isn't true.
    
     ── 4. Failure: the app results are reproduced using imager only (@test-reproduce
     all.equal(round(stats$moc, 3), round(unlist(corr), 3)) isn't true.
    
     ══ testthat results ═══════════════════════════════════════════════════════════
     [ OK: 38 | SKIPPED: 1 | WARNINGS: 0 | FAILED: 4 ]
     1. Failure: the app results are reproduced faithfuly (@test-reproduce_app.R#32)
     2. Failure: the app results are reproduced faithfuly (@test-reproduce_app.R#35)
     3. Failure: the app results are reproduced using imager only (@test-reproduce_app.R#126)
     4. Failure: the app results are reproduced using imager only (@test-reproduce_app.R#145)
    
     Error: testthat unit tests failed
     Execution halted
Flavor: r-release-osx-x86_64

Version: 0.1.0
Check: tests
Result: ERROR
     Running ‘testthat.R’ [69s/69s]
    Running the tests in ‘tests/testthat.R’ failed.
    Last 13 lines of output:
     ── 3. Failure: the app results are reproduced using imager only (@test-reproduce
     all.equal(round(stats$pcc, 3), round(unlist(corr), 3)) isn't true.
    
     ── 4. Failure: the app results are reproduced using imager only (@test-reproduce
     all.equal(round(stats$moc, 3), round(unlist(corr), 3)) isn't true.
    
     ══ testthat results ═══════════════════════════════════════════════════════════
     [ OK: 38 | SKIPPED: 1 | WARNINGS: 0 | FAILED: 4 ]
     1. Failure: the app results are reproduced faithfuly (@test-reproduce_app.R#32)
     2. Failure: the app results are reproduced faithfuly (@test-reproduce_app.R#35)
     3. Failure: the app results are reproduced using imager only (@test-reproduce_app.R#126)
     4. Failure: the app results are reproduced using imager only (@test-reproduce_app.R#145)
    
     Error: testthat unit tests failed
     Execution halted
Flavor: r-oldrel-osx-x86_64