Last updated on 2025-01-19 05:49:06 CET.
Flavor | Version | Tinstall | Tcheck | Ttotal | Status | Flags |
---|---|---|---|---|---|---|
r-devel-linux-x86_64-debian-clang | 0.1.9 | 5.23 | 64.74 | 69.97 | OK | |
r-devel-linux-x86_64-debian-gcc | 0.1.9 | 3.41 | 48.17 | 51.58 | OK | |
r-devel-linux-x86_64-fedora-clang | 0.1.9 | 115.76 | OK | |||
r-devel-linux-x86_64-fedora-gcc | 0.1.9 | 122.65 | OK | |||
r-devel-windows-x86_64 | 0.1.9 | 9.00 | 74.00 | 83.00 | OK | |
r-patched-linux-x86_64 | 0.1.9 | 4.76 | 60.24 | 65.00 | OK | |
r-release-linux-x86_64 | 0.1.9 | 5.19 | 61.19 | 66.38 | OK | |
r-release-macos-arm64 | 0.1.9 | 36.00 | NOTE | |||
r-release-macos-x86_64 | 0.1.9 | 53.00 | NOTE | |||
r-release-windows-x86_64 | 0.1.9 | 9.00 | 74.00 | 83.00 | NOTE | |
r-oldrel-macos-arm64 | 0.1.9 | 43.00 | NOTE | |||
r-oldrel-macos-x86_64 | 0.1.9 | 57.00 | NOTE | |||
r-oldrel-windows-x86_64 | 0.1.9 | 9.00 | 79.00 | 88.00 | NOTE |
Version: 0.1.9
Check: installed package size
Result: NOTE
installed size is 5.1Mb
sub-directories of 1Mb or more:
doc 4.8Mb
Flavors: r-release-macos-arm64, r-release-macos-x86_64, r-release-windows-x86_64, r-oldrel-macos-arm64, r-oldrel-macos-x86_64, r-oldrel-windows-x86_64