CRAN Package Check Results for Package colorBlindness

Last updated on 2020-10-26 11:51:02 CET.

Flavor Version Tinstall Tcheck Ttotal Status Flags
r-devel-linux-x86_64-debian-clang 0.1.6 5.60 55.53 61.13 OK
r-devel-linux-x86_64-debian-gcc 0.1.6 4.48 41.24 45.72 OK
r-devel-linux-x86_64-fedora-clang 0.1.6 79.55 NOTE
r-devel-linux-x86_64-fedora-gcc 0.1.6 74.16 OK
r-devel-windows-ix86+x86_64 0.1.6 13.00 77.00 90.00 NOTE
r-patched-linux-x86_64 0.1.6 5.13 49.85 54.98 OK
r-patched-solaris-x86 0.1.6 97.20 NOTE
r-release-linux-x86_64 0.1.6 5.66 50.25 55.91 OK
r-release-macos-x86_64 0.1.6 NOTE
r-release-windows-ix86+x86_64 0.1.6 10.00 64.00 74.00 NOTE
r-oldrel-macos-x86_64 0.1.6 NOTE
r-oldrel-windows-ix86+x86_64 0.1.6 10.00 78.00 88.00 NOTE

Check Details

Version: 0.1.6
Check: installed package size
Result: NOTE
     installed size is 5.3Mb
     sub-directories of 1Mb or more:
     doc 5.0Mb
Flavors: r-devel-linux-x86_64-fedora-clang, r-devel-windows-ix86+x86_64, r-patched-solaris-x86, r-release-macos-x86_64, r-release-windows-ix86+x86_64, r-oldrel-macos-x86_64, r-oldrel-windows-ix86+x86_64