CRAN Package Check Results for Package colorSpec

Last updated on 2025-01-19 05:49:06 CET.

Flavor Version Tinstall Tcheck Ttotal Status Flags
r-devel-linux-x86_64-debian-clang 1.6-0 3.67 189.85 193.52 OK
r-devel-linux-x86_64-debian-gcc 1.6-0 2.66 134.83 137.49 OK
r-devel-linux-x86_64-fedora-clang 1.6-0 250.14 OK
r-devel-linux-x86_64-fedora-gcc 1.6-0 182.41 OK
r-devel-windows-x86_64 1.6-0 10.00 324.00 334.00 OK
r-patched-linux-x86_64 1.6-0 6.32 180.01 186.33 OK
r-release-linux-x86_64 1.6-0 3.47 180.36 183.83 OK
r-release-macos-arm64 1.6-0 138.00 NOTE
r-release-macos-x86_64 1.6-0 300.00 NOTE
r-release-windows-x86_64 1.6-0 10.00 326.00 336.00 NOTE
r-oldrel-macos-arm64 1.6-0 113.00 NOTE
r-oldrel-macos-x86_64 1.6-0 213.00 NOTE
r-oldrel-windows-x86_64 1.6-0 12.00 465.00 477.00 NOTE

Check Details

Version: 1.6-0
Check: installed package size
Result: NOTE installed size is 5.3Mb sub-directories of 1Mb or more: doc 2.4Mb extdata 2.1Mb Flavors: r-release-macos-arm64, r-release-macos-x86_64, r-release-windows-x86_64, r-oldrel-macos-arm64, r-oldrel-macos-x86_64, r-oldrel-windows-x86_64