Last updated on 2025-01-19 05:49:06 CET.
Flavor | Version | Tinstall | Tcheck | Ttotal | Status | Flags |
---|---|---|---|---|---|---|
r-devel-linux-x86_64-debian-clang | 1.1.2 | 3.52 | 115.23 | 118.75 | NOTE | |
r-devel-linux-x86_64-debian-gcc | 1.1.2 | 2.83 | 86.37 | 89.20 | NOTE | |
r-devel-linux-x86_64-fedora-clang | 1.1.2 | 209.14 | NOTE | |||
r-devel-linux-x86_64-fedora-gcc | 1.1.2 | 216.63 | NOTE | |||
r-devel-windows-x86_64 | 1.1.2 | 7.00 | 152.00 | 159.00 | NOTE | |
r-patched-linux-x86_64 | 1.1.2 | 4.78 | 114.93 | 119.71 | NOTE | |
r-release-linux-x86_64 | 1.1.2 | 3.69 | 114.81 | 118.50 | NOTE | |
r-release-macos-arm64 | 1.1.2 | 68.00 | NOTE | |||
r-release-macos-x86_64 | 1.1.2 | 119.00 | NOTE | |||
r-release-windows-x86_64 | 1.1.2 | 7.00 | 149.00 | 156.00 | NOTE | |
r-oldrel-macos-arm64 | 1.1.2 | 74.00 | NOTE | |||
r-oldrel-macos-x86_64 | 1.1.2 | 107.00 | NOTE | |||
r-oldrel-windows-x86_64 | 1.1.2 | 7.00 | 165.00 | 172.00 | NOTE |
Version: 1.1.2
Check: Rd files
Result: NOTE
checkRd: (-1) getHistList.Rd:32: Lost braces; missing escapes or markup?
32 | ({FALSE})? If a bin is empty, the center of the bin is returned as the
| ^
checkRd: (-1) imageClusterPipeline.Rd:82: Lost braces; missing escapes or markup?
82 | of the bin ({FALSE})? If a bin is empty, the center of the bin is returned
| ^
Flavors: r-devel-linux-x86_64-debian-clang, r-devel-linux-x86_64-debian-gcc, r-devel-linux-x86_64-fedora-clang, r-devel-linux-x86_64-fedora-gcc, r-devel-windows-x86_64, r-patched-linux-x86_64, r-release-linux-x86_64, r-release-macos-arm64, r-release-macos-x86_64, r-release-windows-x86_64
Version: 1.1.2
Check: dependencies in R code
Result: NOTE
Namespaces in Imports field not imported from:
‘magrittr’ ‘qpdf’
All declared Imports should be used.
Flavors: r-devel-linux-x86_64-fedora-clang, r-devel-linux-x86_64-fedora-gcc
Version: 1.1.2
Check: LazyData
Result: NOTE
'LazyData' is specified without a 'data' directory
Flavors: r-patched-linux-x86_64, r-release-linux-x86_64, r-release-macos-arm64, r-release-macos-x86_64, r-release-windows-x86_64, r-oldrel-macos-arm64, r-oldrel-macos-x86_64, r-oldrel-windows-x86_64