CRAN Package Check Results for Package colordistance

Last updated on 2020-10-25 11:50:28 CET.

Flavor Version Tinstall Tcheck Ttotal Status Flags
r-devel-linux-x86_64-debian-clang 1.1.0 3.69 132.25 135.94 NOTE
r-devel-linux-x86_64-debian-gcc 1.1.0 3.34 97.38 100.72 NOTE
r-devel-linux-x86_64-fedora-clang 1.1.0 165.40 NOTE
r-devel-linux-x86_64-fedora-gcc 1.1.0 157.33 NOTE
r-devel-windows-ix86+x86_64 1.1.0 10.00 169.00 179.00 OK
r-patched-linux-x86_64 1.1.0 4.16 124.90 129.06 NOTE
r-patched-solaris-x86 1.1.0 224.80 NOTE
r-release-linux-x86_64 1.1.0 4.54 125.16 129.70 NOTE
r-release-macos-x86_64 1.1.0 NOTE
r-release-windows-ix86+x86_64 1.1.0 6.00 139.00 145.00 OK
r-oldrel-macos-x86_64 1.1.0 NOTE
r-oldrel-windows-ix86+x86_64 1.1.0 8.00 161.00 169.00 OK

Check Details

Version: 1.1.0
Check: for non-standard things in the check directory
Result: NOTE
    Found the following files/directories:
     'HeliconiusColorTree.newick'
Flavors: r-devel-linux-x86_64-debian-clang, r-devel-linux-x86_64-debian-gcc, r-devel-linux-x86_64-fedora-clang, r-devel-linux-x86_64-fedora-gcc, r-patched-linux-x86_64, r-patched-solaris-x86, r-release-linux-x86_64

Version: 1.1.0
Check: dependencies in R code
Result: NOTE
    Namespace in Imports field not imported from: ‘magrittr’
     All declared Imports should be used.
Flavors: r-devel-linux-x86_64-fedora-clang, r-devel-linux-x86_64-fedora-gcc, r-patched-solaris-x86, r-release-macos-x86_64, r-oldrel-macos-x86_64