CRAN Package Check Results for Package colormap

Last updated on 2025-01-19 05:49:06 CET.

Flavor Version Tinstall Tcheck Ttotal Status Flags
r-devel-linux-x86_64-debian-clang 0.1.4 2.45 27.41 29.86 OK
r-devel-linux-x86_64-debian-gcc 0.1.4 1.79 22.79 24.58 OK
r-devel-linux-x86_64-fedora-clang 0.1.4 47.32 OK
r-devel-linux-x86_64-fedora-gcc 0.1.4 47.18 OK
r-devel-windows-x86_64 0.1.4 4.00 47.00 51.00 OK
r-patched-linux-x86_64 0.1.4 2.29 26.66 28.95 NOTE
r-release-linux-x86_64 0.1.4 2.20 26.56 28.76 NOTE
r-release-macos-arm64 0.1.4 20.00 NOTE
r-release-macos-x86_64 0.1.4 28.00 NOTE
r-release-windows-x86_64 0.1.4 4.00 47.00 51.00 NOTE
r-oldrel-macos-arm64 0.1.4 20.00 NOTE
r-oldrel-macos-x86_64 0.1.4 28.00 NOTE
r-oldrel-windows-x86_64 0.1.4 4.00 50.00 54.00 NOTE

Check Details

Version: 0.1.4
Check: LazyData
Result: NOTE 'LazyData' is specified without a 'data' directory Flavors: r-patched-linux-x86_64, r-release-linux-x86_64, r-release-macos-arm64, r-release-macos-x86_64, r-release-windows-x86_64, r-oldrel-macos-arm64, r-oldrel-macos-x86_64, r-oldrel-windows-x86_64