Last updated on 2024-04-21 12:53:52 CEST.
Flavor | Version | Tinstall | Tcheck | Ttotal | Status | Flags |
---|---|---|---|---|---|---|
r-devel-linux-x86_64-debian-clang | 0.1.2 | 5.59 | 63.55 | 69.14 | OK | |
r-devel-linux-x86_64-debian-gcc | 0.1.2 | 4.17 | 47.43 | 51.60 | OK | |
r-devel-linux-x86_64-fedora-clang | 0.1.2 | 88.10 | NOTE | |||
r-devel-linux-x86_64-fedora-gcc | 0.1.2 | 105.45 | NOTE | |||
r-prerel-macos-arm64 | 0.1.2 | 34.00 | OK | |||
r-prerel-windows-x86_64 | 0.1.2 | 7.00 | 71.00 | 78.00 | OK | |
r-patched-linux-x86_64 | 0.1.2 | 10.29 | 60.09 | 70.38 | OK | |
r-release-linux-x86_64 | 0.1.2 | 4.73 | 59.07 | 63.80 | OK | |
r-release-macos-arm64 | 0.1.2 | 35.00 | OK | |||
r-release-macos-x86_64 | 0.1.2 | 52.00 | OK | |||
r-release-windows-x86_64 | 0.1.2 | 8.00 | 78.00 | 86.00 | OK | |
r-oldrel-macos-arm64 | 0.1.2 | 27.00 | NOTE | |||
r-oldrel-windows-x86_64 | 0.1.2 | 9.00 | 76.00 | 85.00 | OK |
Version: 0.1.2
Check: dependencies in R code
Result: NOTE
Namespaces in Imports field not imported from:
‘grid’ ‘gridExtra’
All declared Imports should be used.
Flavors: r-devel-linux-x86_64-fedora-clang, r-devel-linux-x86_64-fedora-gcc, r-oldrel-macos-arm64