Last updated on 2025-10-13 14:49:44 CEST.
| Flavor | Version | Tinstall | Tcheck | Ttotal | Status | Flags | 
|---|---|---|---|---|---|---|
| r-devel-linux-x86_64-debian-clang | 0.3.6 | 3.31 | 40.51 | 43.82 | NOTE | |
| r-devel-linux-x86_64-debian-gcc | 0.3.6 | 2.08 | 30.40 | 32.48 | NOTE | |
| r-devel-linux-x86_64-fedora-clang | 0.3.6 | 45.72 | OK | |||
| r-devel-linux-x86_64-fedora-gcc | 0.3.6 | 60.67 | OK | |||
| r-devel-windows-x86_64 | 0.3.6 | 5.00 | 54.00 | 59.00 | OK | |
| r-patched-linux-x86_64 | 0.3.6 | 3.57 | 37.02 | 40.59 | OK | |
| r-release-linux-x86_64 | 0.3.6 | 3.17 | 37.28 | 40.45 | OK | |
| r-release-macos-arm64 | 0.3.6 | 28.00 | OK | |||
| r-release-macos-x86_64 | 0.3.6 | 40.00 | OK | |||
| r-release-windows-x86_64 | 0.3.6 | 5.00 | 57.00 | 62.00 | OK | |
| r-oldrel-macos-arm64 | 0.3.6 | 21.00 | OK | |||
| r-oldrel-macos-x86_64 | 0.3.6 | 33.00 | OK | |||
| r-oldrel-windows-x86_64 | 0.3.6 | 6.00 | 65.00 | 71.00 | OK | 
Version: 0.3.6
Check: CRAN incoming feasibility
Result: NOTE
  Maintainer: ‘Andrew Heiss <andrew@andrewheiss.com>’
  
  Package CITATION file contains call(s) to old-style personList() or
  as.personList().  Please use c() on person objects instead.
  Package CITATION file contains call(s) to old-style citEntry().  Please
  use bibentry() instead.
Flavors: r-devel-linux-x86_64-debian-clang, r-devel-linux-x86_64-debian-gcc