CRAN Package Check Results for Package combinIT

Last updated on 2025-01-19 05:49:06 CET.

Flavor Version Tinstall Tcheck Ttotal Status Flags
r-devel-linux-x86_64-debian-clang 2.0.0 36.54 48.02 84.56 NOTE
r-devel-linux-x86_64-debian-gcc 2.0.0 23.78 35.11 58.89 NOTE
r-devel-linux-x86_64-fedora-clang 2.0.0 130.69 NOTE
r-devel-linux-x86_64-fedora-gcc 2.0.0 148.74 NOTE
r-devel-windows-x86_64 2.0.0 33.00 81.00 114.00 NOTE
r-patched-linux-x86_64 2.0.0 32.01 52.25 84.26 NOTE
r-release-linux-x86_64 2.0.0 33.04 52.81 85.85 NOTE
r-release-macos-arm64 2.0.0 37.00 NOTE
r-release-macos-x86_64 2.0.0 58.00 NOTE
r-release-windows-x86_64 2.0.0 30.00 81.00 111.00 NOTE
r-oldrel-macos-arm64 2.0.0 38.00 NOTE
r-oldrel-macos-x86_64 2.0.0 68.00 NOTE
r-oldrel-windows-x86_64 2.0.0 33.00 96.00 129.00 NOTE

Check Details

Version: 2.0.0
Check: C++ specification
Result: NOTE Specified C++11: please drop specification unless essential Flavors: r-devel-linux-x86_64-debian-clang, r-devel-linux-x86_64-debian-gcc, r-devel-linux-x86_64-fedora-clang, r-devel-linux-x86_64-fedora-gcc, r-devel-windows-x86_64, r-patched-linux-x86_64, r-release-linux-x86_64, r-release-macos-arm64, r-release-macos-x86_64, r-release-windows-x86_64, r-oldrel-macos-arm64, r-oldrel-macos-x86_64, r-oldrel-windows-x86_64