Last updated on 2024-04-17 13:57:24 CEST.
Flavor | Version | Tinstall | Tcheck | Ttotal | Status | Flags |
---|---|---|---|---|---|---|
r-devel-linux-x86_64-debian-clang | 0.1.5 | 5.32 | 41.11 | 46.43 | NOTE | |
r-devel-linux-x86_64-debian-gcc | 0.1.5 | 3.84 | 30.33 | 34.17 | NOTE | |
r-devel-linux-x86_64-fedora-clang | 0.1.5 | 57.81 | NOTE | |||
r-devel-linux-x86_64-fedora-gcc | 0.1.5 | 61.56 | NOTE | |||
r-prerel-macos-arm64 | 0.1.5 | 22.00 | OK | |||
r-prerel-windows-x86_64 | 0.1.5 | 8.00 | 51.00 | 59.00 | OK | |
r-patched-linux-x86_64 | 0.1.5 | 4.38 | 39.01 | 43.39 | NOTE | |
r-release-linux-x86_64 | 0.1.5 | 6.22 | 39.08 | 45.30 | NOTE | |
r-release-macos-arm64 | 0.1.5 | 22.00 | OK | |||
r-release-macos-x86_64 | 0.1.5 | 32.00 | OK | |||
r-release-windows-x86_64 | 0.1.5 | 10.00 | 54.00 | 64.00 | OK | |
r-oldrel-macos-arm64 | 0.1.5 | 22.00 | OK | |||
r-oldrel-windows-x86_64 | 0.1.5 | 9.00 | 59.00 | 68.00 | OK |
Version: 0.1.5
Check: for non-standard things in the check directory
Result: NOTE
Found the following files/directories:
‘cometExactTest_plot.pdf’
Flavors: r-devel-linux-x86_64-debian-clang, r-devel-linux-x86_64-debian-gcc, r-devel-linux-x86_64-fedora-clang, r-devel-linux-x86_64-fedora-gcc, r-patched-linux-x86_64, r-release-linux-x86_64