CRAN Package Check Results for Package cometExactTest

Last updated on 2025-01-19 05:49:06 CET.

Flavor Version Tinstall Tcheck Ttotal Status Flags
r-devel-linux-x86_64-debian-clang 0.1.5 4.98 31.79 36.77 NOTE
r-devel-linux-x86_64-debian-gcc 0.1.5 3.56 24.90 28.46 NOTE
r-devel-linux-x86_64-fedora-clang 0.1.5 58.21 NOTE
r-devel-linux-x86_64-fedora-gcc 0.1.5 56.48 NOTE
r-devel-windows-x86_64 0.1.5 9.00 52.00 61.00 OK
r-patched-linux-x86_64 0.1.5 4.98 29.87 34.85 NOTE
r-release-linux-x86_64 0.1.5 3.98 29.52 33.50 NOTE
r-release-macos-arm64 0.1.5 22.00 OK
r-release-macos-x86_64 0.1.5 34.00 OK
r-release-windows-x86_64 0.1.5 8.00 54.00 62.00 OK
r-oldrel-macos-arm64 0.1.5 22.00 OK
r-oldrel-macos-x86_64 0.1.5 32.00 OK
r-oldrel-windows-x86_64 0.1.5 9.00 55.00 64.00 OK

Check Details

Version: 0.1.5
Check: for non-standard things in the check directory
Result: NOTE Found the following files/directories: ‘cometExactTest_plot.pdf’ Flavors: r-devel-linux-x86_64-debian-clang, r-devel-linux-x86_64-debian-gcc, r-devel-linux-x86_64-fedora-clang, r-devel-linux-x86_64-fedora-gcc, r-patched-linux-x86_64, r-release-linux-x86_64