Last updated on 2024-05-04 14:48:13 CEST.
Flavor | Version | Tinstall | Tcheck | Ttotal | Status | Flags |
---|---|---|---|---|---|---|
r-devel-linux-x86_64-debian-clang | 1.9.1 | 19.62 | 23.02 | 42.64 | OK | |
r-devel-linux-x86_64-debian-gcc | 1.9.1 | 14.70 | 17.68 | 32.38 | OK | |
r-devel-linux-x86_64-fedora-clang | 1.9.1 | 47.23 | OK | |||
r-devel-linux-x86_64-fedora-gcc | 1.9.1 | 65.62 | OK | |||
r-devel-windows-x86_64 | 1.9.1 | 2.00 | 5.00 | 7.00 | ERROR | |
r-patched-linux-x86_64 | 1.9.1 | 20.72 | 21.34 | 42.06 | OK | |
r-release-linux-x86_64 | 1.9.1 | 21.71 | 22.55 | 44.26 | OK | |
r-release-macos-arm64 | 1.9.1 | 22.00 | OK | |||
r-release-macos-x86_64 | 1.9.1 | 66.00 | OK | |||
r-release-windows-x86_64 | 1.9.1 | 26.00 | 45.00 | 71.00 | ERROR | |
r-oldrel-macos-arm64 | 1.9.1 | 42.00 | OK | |||
r-oldrel-macos-x86_64 | 1.9.1 | 72.00 | OK | |||
r-oldrel-windows-x86_64 | 1.9.1 | 27.00 | 44.00 | 71.00 | OK |
Version: 1.9.1
Check: whether package can be installed
Result: ERROR
Installation failed.
Flavor: r-devel-windows-x86_64
Version: 1.9.1
Check: examples
Result: ERROR
Running examples in 'commonmark-Ex.R' failed
The error most likely occurred in:
> ### Name: commonmark
> ### Title: Parse and render markdown text
> ### Aliases: commonmark markdown_html markdown markdown_xml markdown_man
> ### markdown_commonmark markdown_text markdown_latex
>
> ### ** Examples
>
> md <- readLines("https://raw.githubusercontent.com/yihui/knitr/master/NEWS.md")
Warning in file(con, "r") :
URL 'https://raw.githubusercontent.com/yihui/knitr/master/NEWS.md': status was 'SSL connect error'
Error in file(con, "r") :
cannot open the connection to 'https://raw.githubusercontent.com/yihui/knitr/master/NEWS.md'
Calls: readLines -> file
Execution halted
Flavor: r-release-windows-x86_64