CRAN Package Check Results for Package compareGroups

Last updated on 2019-10-19 12:47:30 CEST.

Flavor Version Tinstall Tcheck Ttotal Status Flags
r-devel-linux-x86_64-debian-clang 4.2.0 23.42 202.40 225.82 OK
r-devel-linux-x86_64-debian-gcc 4.2.0 17.46 151.24 168.70 OK
r-devel-linux-x86_64-fedora-clang 4.2.0 278.44 OK
r-devel-linux-x86_64-fedora-gcc 4.2.0 272.65 OK
r-devel-windows-ix86+x86_64 4.2.0 50.00 271.00 321.00 OK
r-patched-linux-x86_64 4.2.0 20.06 194.97 215.03 OK
r-patched-solaris-x86 4.2.0 451.80 NOTE
r-release-linux-x86_64 4.2.0 20.67 197.64 218.31 OK
r-release-windows-ix86+x86_64 4.2.0 42.00 246.00 288.00 OK
r-release-osx-x86_64 4.2.0 NOTE
r-oldrel-windows-ix86+x86_64 4.2.0 31.00 225.00 256.00 OK
r-oldrel-osx-x86_64 4.2.0 NOTE

Check Details

Version: 4.2.0
Check: installed package size
Result: NOTE
     installed size is 5.3Mb
     sub-directories of 1Mb or more:
     doc 2.3Mb
Flavor: r-patched-solaris-x86

Version: 4.2.0
Check: dependencies in R code
Result: NOTE
    No protocol specified
    No protocol specified
Flavors: r-release-osx-x86_64, r-oldrel-osx-x86_64